Last updated on 2018-04-29 01:46:50 CEST.
Flavor | Version | Tinstall | Tcheck | Ttotal | Status | Flags |
---|---|---|---|---|---|---|
r-devel-linux-x86_64-debian-clang | 0.2.5 | 2.10 | 40.32 | 42.42 | OK | |
r-devel-linux-x86_64-debian-gcc | 0.2.5 | 1.70 | 33.50 | 35.20 | OK | |
r-devel-linux-x86_64-fedora-clang | 0.2.5 | 51.25 | OK | |||
r-devel-linux-x86_64-fedora-gcc | 0.2.5 | 49.92 | OK | |||
r-devel-windows-ix86+x86_64 | 0.2.5 | 5.00 | 71.00 | 76.00 | OK | |
r-patched-linux-x86_64 | 0.2.5 | 2.52 | 40.48 | 43.00 | OK | |
r-patched-solaris-x86 | 0.2.5 | 76.10 | OK | |||
r-release-linux-x86_64 | 0.2.5 | 2.05 | 40.54 | 42.59 | OK | |
r-release-windows-ix86+x86_64 | 0.2.5 | 5.00 | 71.00 | 76.00 | OK | |
r-release-osx-x86_64 | 0.2.5 | WARN | ||||
r-oldrel-windows-ix86+x86_64 | 0.2.5 | 3.00 | 53.00 | 56.00 | OK | |
r-oldrel-osx-x86_64 | 0.2.5 | WARN |
Version: 0.2.5
Check: package dependencies
Result: NOTE
Package suggested but not available for checking: ‘RGtk2’
Flavors: r-release-osx-x86_64, r-oldrel-osx-x86_64
Version: 0.2.5
Check: re-building of vignette outputs
Result: WARN
Error in re-building vignettes:
...
Warning in engine$weave(file, quiet = quiet, encoding = enc) :
Pandoc (>= 1.12.3) and/or pandoc-citeproc not available. Falling back to R Markdown v1.
Quitting from lines 106-107 (IntroductionToGFD.Rmd)
Error: processing vignette 'IntroductionToGFD.Rmd' failed with diagnostics:
there is no package called 'RGtk2'
Execution halted
Flavors: r-release-osx-x86_64, r-oldrel-osx-x86_64