Last updated on 2018-04-29 01:46:50 CEST.
Flavor | Version | Tinstall | Tcheck | Ttotal | Status | Flags |
---|---|---|---|---|---|---|
r-devel-linux-x86_64-debian-clang | 0.99-1 | 9.60 | 78.70 | 88.30 | NOTE | |
r-devel-linux-x86_64-debian-gcc | 0.99-1 | 6.32 | 60.47 | 66.79 | NOTE | |
r-devel-linux-x86_64-fedora-clang | 0.99-1 | 105.10 | NOTE | |||
r-devel-linux-x86_64-fedora-gcc | 0.99-1 | 103.66 | NOTE | |||
r-devel-windows-ix86+x86_64 | 0.99-1 | 25.00 | 160.00 | 185.00 | OK | |
r-patched-linux-x86_64 | 0.99-1 | 9.49 | 75.89 | 85.38 | NOTE | |
r-patched-solaris-x86 | 0.99-1 | 134.60 | OK | |||
r-release-linux-x86_64 | 0.99-1 | 9.35 | 74.94 | 84.29 | NOTE | |
r-release-windows-ix86+x86_64 | 0.99-1 | 25.00 | 160.00 | 185.00 | OK | |
r-release-osx-x86_64 | 0.99-1 | OK | ||||
r-oldrel-windows-ix86+x86_64 | 0.99-1 | 9.00 | 126.00 | 135.00 | OK | |
r-oldrel-osx-x86_64 | 0.99-1 | NOTE |
Version: 0.99-1
Check: compiled code
Result: NOTE
File ‘GNE/libs/GNE.so’:
Found no call to: ‘R_useDynamicSymbols’
It is good practice to register native routines and to disable symbol
search.
See ‘Writing portable packages’ in the ‘Writing R Extensions’ manual.
Flavors: r-devel-linux-x86_64-debian-clang, r-devel-linux-x86_64-debian-gcc, r-devel-linux-x86_64-fedora-clang, r-devel-linux-x86_64-fedora-gcc, r-patched-linux-x86_64, r-release-linux-x86_64
Version: 0.99-1
Check: re-building of vignette outputs
Result: NOTE
Error in re-building vignettes:
...
Warning in Delta1_xk * mystep :
Recycling array of length 1 in vector-array arithmetic is deprecated.
Use c() or as.vector() instead.
Warning in Delta1_xk * mystep :
Recycling array of length 1 in vector-array arithmetic is deprecated.
Use c() or as.vector() instead.
Error in texi2dvi(file = file, pdf = TRUE, clean = clean, quiet = quiet, :
Running 'texi2dvi' on 'GNE-howto.tex' failed.
LaTeX errors:
! LaTeX Error: File `multirow.sty' not found.
Type X to quit or <RETURN> to proceed,
or enter new name. (Default extension: sty)
! Emergency stop.
<read *>
l.43 ^^M
! ==> Fatal error occurred, no output PDF file produced!
Calls: buildVignettes -> texi2pdf -> texi2dvi
Execution halted
Flavor: r-oldrel-osx-x86_64