CRAN Package Check Results for Package GUIDE

Last updated on 2018-04-29 01:46:51 CEST.

Flavor Version Tinstall Tcheck Ttotal Status Flags
r-devel-linux-x86_64-debian-clang 1.2.3.1 10.14 44.36 54.50 OK
r-devel-linux-x86_64-debian-gcc 1.2.3.1 7.01 35.16 42.17 OK
r-devel-linux-x86_64-fedora-clang 1.2.3.1 63.15 OK
r-devel-linux-x86_64-fedora-gcc 1.2.3.1 61.32 OK
r-devel-windows-ix86+x86_64 1.2.3.1 19.00 70.00 89.00 OK
r-patched-linux-x86_64 1.2.3.1 7.33 44.56 51.89 OK
r-patched-solaris-x86 1.2.3.1 84.00 OK
r-release-linux-x86_64 1.2.3.1 9.22 43.98 53.20 OK
r-release-windows-ix86+x86_64 1.2.3.1 19.00 70.00 89.00 OK
r-release-osx-x86_64 1.2.3.1 ERROR
r-oldrel-windows-ix86+x86_64 1.2.3.1 5.00 64.00 69.00 OK
r-oldrel-osx-x86_64 1.2.3.1 OK

Check Details

Version: 1.2.3.1
Check: package dependencies
Result: ERROR
    Package required but not available: ‘rpanel’
    
    See section ‘The DESCRIPTION file’ in the ‘Writing R Extensions’
    manual.
Flavor: r-release-osx-x86_64