CRAN Package Check Results for Package GenABEL.data

Last updated on 2018-04-29 01:46:49 CEST.

Flavor Version Tinstall Tcheck Ttotal Status Flags
r-devel-linux-x86_64-debian-clang 1.0.0 0.55 11.99 12.54 NOTE
r-devel-linux-x86_64-debian-gcc 1.0.0 0.75 10.36 11.11 NOTE
r-devel-linux-x86_64-fedora-clang 1.0.0 15.12 NOTE
r-devel-linux-x86_64-fedora-gcc 1.0.0 15.53 NOTE
r-devel-windows-ix86+x86_64 1.0.0 3.00 22.00 25.00 NOTE
r-patched-linux-x86_64 1.0.0 0.86 11.56 12.42 NOTE
r-patched-solaris-x86 1.0.0 24.30 NOTE
r-release-linux-x86_64 1.0.0 0.85 11.80 12.65 NOTE
r-release-windows-ix86+x86_64 1.0.0 3.00 22.00 25.00 NOTE
r-release-osx-x86_64 1.0.0 NOTE
r-oldrel-windows-ix86+x86_64 1.0.0 2.00 21.00 23.00 NOTE
r-oldrel-osx-x86_64 1.0.0 NOTE

Check Details

Version: 1.0.0
Check: DESCRIPTION meta-information
Result: NOTE
    Malformed Description field: should contain one or more complete sentences.
Flavors: r-devel-linux-x86_64-debian-clang, r-devel-linux-x86_64-debian-gcc, r-devel-linux-x86_64-fedora-clang, r-devel-linux-x86_64-fedora-gcc, r-devel-windows-ix86+x86_64, r-patched-linux-x86_64, r-patched-solaris-x86, r-release-linux-x86_64, r-release-windows-ix86+x86_64, r-release-osx-x86_64, r-oldrel-windows-ix86+x86_64, r-oldrel-osx-x86_64