Last updated on 2018-04-29 01:46:50 CEST.
Flavor | Version | Tinstall | Tcheck | Ttotal | Status | Flags |
---|---|---|---|---|---|---|
r-devel-linux-x86_64-debian-clang | 0.6 | 2.87 | 40.92 | 43.79 | OK | |
r-devel-linux-x86_64-debian-gcc | 0.6 | 2.16 | 34.59 | 36.75 | OK | |
r-devel-linux-x86_64-fedora-clang | 0.6 | 49.83 | OK | |||
r-devel-linux-x86_64-fedora-gcc | 0.6 | 48.81 | OK | |||
r-devel-windows-ix86+x86_64 | 0.6 | 6.00 | 77.00 | 83.00 | WARN | |
r-patched-linux-x86_64 | 0.6 | 2.55 | 39.57 | 42.12 | OK | |
r-patched-solaris-x86 | 0.6 | 72.00 | OK | |||
r-release-linux-x86_64 | 0.6 | 3.07 | 40.05 | 43.12 | OK | |
r-release-windows-ix86+x86_64 | 0.6 | 6.00 | 77.00 | 83.00 | WARN | |
r-release-osx-x86_64 | 0.6 | OK | ||||
r-oldrel-windows-ix86+x86_64 | 0.6 | 4.00 | 89.00 | 93.00 | OK | |
r-oldrel-osx-x86_64 | 0.6 | WARN |
Version: 0.6
Check: re-building of vignette outputs
Result: WARN
Error in re-building vignettes:
...
Error in utils::download.file(url = dl.link, destfile = dest.file, quiet = T, :
cannot open URL 'http://www2.bmfbovespa.com.br/dxw/Download.asp?moeda=L&site=B&mercado=1&ccvm=9512&data=31/12/2005&tipo=2'
Quitting from lines 73-81 (gdfpd-vignette-introduction.Rmd)
Error: processing vignette 'gdfpd-vignette-introduction.Rmd' failed with diagnostics:
missing value where TRUE/FALSE needed
Execution halted
Flavors: r-devel-windows-ix86+x86_64, r-release-windows-ix86+x86_64
Version: 0.6
Check: re-building of vignette outputs
Result: WARN
Error in re-building vignettes:
...
Warning in engine$weave(file, quiet = quiet, encoding = enc) :
Pandoc (>= 1.12.3) and/or pandoc-citeproc not available. Falling back to R Markdown v1.
Quitting from lines 73-81 (gdfpd-vignette-introduction.Rmd)
Error: processing vignette 'gdfpd-vignette-introduction.Rmd' failed with diagnostics:
cannot open the connection to 'http://bvmf.bmfbovespa.com.br/pt-br/mercados/acoes/empresas/ExecutaAcaoConsultaInfoEmp.asp?CodCVM=9512&ViewDoc=0#a'
Execution halted
Flavor: r-oldrel-osx-x86_64