Last updated on 2018-04-29 01:46:52 CEST.
Flavor | Version | Tinstall | Tcheck | Ttotal | Status | Flags |
---|---|---|---|---|---|---|
r-devel-linux-x86_64-debian-clang | 3.1-34 | 22.73 | 211.93 | 234.66 | OK | |
r-devel-linux-x86_64-debian-gcc | 3.1-34 | 20.14 | 183.38 | 203.52 | OK | |
r-devel-linux-x86_64-fedora-clang | 3.1-34 | 287.70 | OK | |||
r-devel-linux-x86_64-fedora-gcc | 3.1-34 | 286.35 | OK | |||
r-devel-windows-ix86+x86_64 | 3.1-34 | 55.00 | 312.00 | 367.00 | OK | |
r-patched-linux-x86_64 | 3.1-34 | 21.53 | 211.76 | 233.29 | OK | |
r-patched-solaris-x86 | 3.1-34 | 369.00 | OK | |||
r-release-linux-x86_64 | 3.1-34 | 21.93 | 211.11 | 233.04 | OK | |
r-release-windows-ix86+x86_64 | 3.1-34 | 55.00 | 312.00 | 367.00 | OK | |
r-release-osx-x86_64 | 3.1-34 | OK | ||||
r-oldrel-windows-ix86+x86_64 | 3.1-34 | 25.00 | 219.00 | 244.00 | OK | |
r-oldrel-osx-x86_64 | 3.1-34 | NOTE |
Version: 3.1-34
Check: package dependencies
Result: NOTE
Package suggested but not available for checking: ‘RcmdrPlugin.HH’
Flavor: r-oldrel-osx-x86_64