Last updated on 2018-04-29 01:46:53 CEST.
Flavor | Version | Tinstall | Tcheck | Ttotal | Status | Flags |
---|---|---|---|---|---|---|
r-devel-linux-x86_64-debian-clang | 0.1.0 | 7.44 | 35.74 | 43.18 | OK | |
r-devel-linux-x86_64-debian-gcc | 0.1.0 | 5.72 | 29.91 | 35.63 | OK | |
r-devel-linux-x86_64-fedora-clang | 0.1.0 | 52.20 | OK | |||
r-devel-linux-x86_64-fedora-gcc | 0.1.0 | 50.64 | OK | |||
r-devel-windows-ix86+x86_64 | 0.1.0 | 10.00 | 68.00 | 78.00 | OK | |
r-patched-linux-x86_64 | 0.1.0 | 5.42 | 35.26 | 40.68 | OK | |
r-patched-solaris-x86 | 0.1.0 | 3.10 | ERROR | |||
r-release-linux-x86_64 | 0.1.0 | 5.18 | 36.35 | 41.53 | OK | |
r-release-windows-ix86+x86_64 | 0.1.0 | 10.00 | 68.00 | 78.00 | OK | |
r-release-osx-x86_64 | 0.1.0 | OK | ||||
r-oldrel-windows-ix86+x86_64 | 0.1.0 | 2.00 | 48.00 | 50.00 | OK | |
r-oldrel-osx-x86_64 | 0.1.0 | OK |
Version: 0.1.0
Check: package dependencies
Result: ERROR
Package required but not available: ‘PythonInR’
See section ‘The DESCRIPTION file’ in the ‘Writing R Extensions’
manual.
Flavor: r-patched-solaris-x86