Last updated on 2018-04-29 01:46:52 CEST.
Flavor | Version | Tinstall | Tcheck | Ttotal | Status | Flags |
---|---|---|---|---|---|---|
r-devel-linux-x86_64-debian-clang | 0.1.6 | 0.67 | 18.05 | 18.72 | OK | |
r-devel-linux-x86_64-debian-gcc | 0.1.6 | 0.60 | 15.43 | 16.03 | OK | |
r-devel-linux-x86_64-fedora-clang | 0.1.6 | 23.01 | OK | |||
r-devel-linux-x86_64-fedora-gcc | 0.1.6 | 21.52 | OK | |||
r-devel-windows-ix86+x86_64 | 0.1.6 | 4.00 | 43.00 | 47.00 | OK | |
r-patched-linux-x86_64 | 0.1.6 | 0.89 | 17.74 | 18.63 | OK | |
r-patched-solaris-x86 | 0.1.6 | 35.10 | OK | |||
r-release-linux-x86_64 | 0.1.6 | 0.67 | 17.81 | 18.48 | OK | |
r-release-windows-ix86+x86_64 | 0.1.6 | 4.00 | 43.00 | 47.00 | OK | |
r-release-osx-x86_64 | 0.1.6 | OK | ||||
r-oldrel-windows-ix86+x86_64 | 0.1.6 | 2.00 | 29.00 | 31.00 | OK | |
r-oldrel-osx-x86_64 | 0.1.6 | ERROR |
Version: 0.1.6
Check: package dependencies
Result: NOTE
Package suggested but not available for checking: ‘devtools’
Flavor: r-oldrel-osx-x86_64
Version: 0.1.6
Check: tests
Result: ERROR
Running ‘testthat.R’ [1s/1s]
Running the tests in ‘tests/testthat.R’ failed.
Complete output:
> library(testthat)
> library(IalsaSynthesis)
>
> test_check("IalsaSynthesis")
Error in loadNamespace(name) : there is no package called 'devtools'
Calls: test_check ... tryCatch -> tryCatchList -> tryCatchOne -> <Anonymous>
testthat results ================================================================
OK: 0 SKIPPED: 0 FAILED: 0
Execution halted
Flavor: r-oldrel-osx-x86_64