CRAN Package Check Results for Package IntClust

Last updated on 2018-04-29 01:46:53 CEST.

Flavor Version Tinstall Tcheck Ttotal Status Flags
r-devel-linux-x86_64-debian-clang 0.0.2 12.69 87.68 100.37 OK
r-devel-linux-x86_64-debian-gcc 0.0.2 10.04 69.02 79.06 OK
r-devel-linux-x86_64-fedora-clang 0.0.2 119.66 NOTE
r-devel-linux-x86_64-fedora-gcc 0.0.2 119.19 NOTE
r-devel-windows-ix86+x86_64 0.0.2 25.00 135.00 160.00 OK
r-patched-linux-x86_64 0.0.2 9.95 86.29 96.24 OK
r-patched-solaris-x86 0.0.2 150.10 NOTE
r-release-linux-x86_64 0.0.2 12.03 87.44 99.47 OK
r-release-windows-ix86+x86_64 0.0.2 25.00 135.00 160.00 OK
r-release-osx-x86_64 0.0.2 NOTE
r-oldrel-windows-ix86+x86_64 0.0.2 5.00 95.00 100.00 OK
r-oldrel-osx-x86_64 0.0.2 NOTE

Check Details

Version: 0.0.2
Check: dependencies in R code
Result: NOTE
    Namespace in Imports field not imported from: ‘prodlim’
     All declared Imports should be used.
Flavors: r-devel-linux-x86_64-fedora-clang, r-devel-linux-x86_64-fedora-gcc, r-patched-solaris-x86, r-release-osx-x86_64, r-oldrel-osx-x86_64

Version: 0.0.2
Check: package dependencies
Result: NOTE
    Packages suggested but not available for checking: ‘MLP’ ‘a4Base’
Flavor: r-release-osx-x86_64

Version: 0.0.2
Check: package dependencies
Result: NOTE
    Packages suggested but not available for checking:
     ‘MLP’ ‘org.Hs.eg.db’ ‘a4Base’
Flavor: r-oldrel-osx-x86_64