Last updated on 2018-04-29 01:46:54 CEST.
Flavor | Version | Tinstall | Tcheck | Ttotal | Status | Flags |
---|---|---|---|---|---|---|
r-devel-linux-x86_64-debian-clang | 0.1-4 | 2.47 | 20.06 | 22.53 | NOTE | |
r-devel-linux-x86_64-debian-gcc | 0.1-4 | 2.28 | 16.74 | 19.02 | NOTE | |
r-devel-linux-x86_64-fedora-clang | 0.1-4 | 27.81 | NOTE | |||
r-devel-linux-x86_64-fedora-gcc | 0.1-4 | 27.30 | NOTE | |||
r-devel-windows-ix86+x86_64 | 0.1-4 | 8.00 | 51.00 | 59.00 | OK | |
r-patched-linux-x86_64 | 0.1-4 | 2.63 | 20.20 | 22.83 | NOTE | |
r-patched-solaris-x86 | 0.1-4 | 44.00 | OK | |||
r-release-linux-x86_64 | 0.1-4 | 2.57 | 20.15 | 22.72 | NOTE | |
r-release-windows-ix86+x86_64 | 0.1-4 | 8.00 | 51.00 | 59.00 | OK | |
r-release-osx-x86_64 | 0.1-4 | OK | ||||
r-oldrel-windows-ix86+x86_64 | 0.1-4 | 8.00 | 49.00 | 57.00 | OK | |
r-oldrel-osx-x86_64 | 0.1-4 | OK |
Version: 0.1-4
Check: compiled code
Result: NOTE
File ‘JRF/libs/JRF.so’:
Found no calls to: ‘R_registerRoutines’, ‘R_useDynamicSymbols’
It is good practice to register native routines and to disable symbol
search.
See ‘Writing portable packages’ in the ‘Writing R Extensions’ manual.
Flavors: r-devel-linux-x86_64-debian-clang, r-devel-linux-x86_64-debian-gcc, r-devel-linux-x86_64-fedora-clang, r-devel-linux-x86_64-fedora-gcc, r-patched-linux-x86_64, r-release-linux-x86_64