Last updated on 2018-04-29 01:47:08 CEST.
Flavor | Version | Tinstall | Tcheck | Ttotal | Status | Flags |
---|---|---|---|---|---|---|
r-devel-linux-x86_64-debian-clang | 0.1.2 | 21.56 | 62.09 | 83.65 | WARN | |
r-devel-linux-x86_64-debian-gcc | 0.1.2 | 21.44 | 50.75 | 72.19 | OK | |
r-devel-linux-x86_64-fedora-clang | 0.1.2 | 110.98 | OK | |||
r-devel-linux-x86_64-fedora-gcc | 0.1.2 | 109.15 | OK | |||
r-devel-windows-ix86+x86_64 | 0.1.2 | 64.00 | 147.00 | 211.00 | OK | |
r-patched-linux-x86_64 | 0.1.2 | 24.55 | 63.00 | 87.55 | OK | |
r-patched-solaris-x86 | 0.1.2 | 122.00 | OK | |||
r-release-linux-x86_64 | 0.1.2 | 25.58 | 60.90 | 86.48 | OK | |
r-release-windows-ix86+x86_64 | 0.1.2 | 64.00 | 147.00 | 211.00 | OK | |
r-release-osx-x86_64 | 0.1.2 | OK | ||||
r-oldrel-windows-ix86+x86_64 | 0.1.2 | 43.00 | 98.00 | 141.00 | OK | |
r-oldrel-osx-x86_64 | 0.1.2 | OK |
Version: 0.1.2
Check: whether package can be installed
Result: WARN
Found the following significant warnings:
NLLabsel.cpp:69:11: warning: using integer absolute value function 'abs' when argument is of floating point type [-Wabsolute-value]
Flavor: r-devel-linux-x86_64-debian-clang