CRAN Package Check Results for Package LOGICOIL

Last updated on 2018-04-29 01:47:08 CEST.

Flavor Version Tinstall Tcheck Ttotal Status Flags
r-devel-linux-x86_64-debian-clang 0.99.0 1.19 18.16 19.35 NOTE
r-devel-linux-x86_64-debian-gcc 0.99.0 0.97 15.46 16.43 NOTE
r-devel-linux-x86_64-fedora-clang 0.99.0 23.41 NOTE
r-devel-linux-x86_64-fedora-gcc 0.99.0 22.25 NOTE
r-devel-windows-ix86+x86_64 0.99.0 3.00 32.00 35.00 NOTE
r-patched-linux-x86_64 0.99.0 1.02 18.00 19.02 NOTE
r-patched-solaris-x86 0.99.0 36.60 NOTE
r-release-linux-x86_64 0.99.0 1.13 17.95 19.08 NOTE
r-release-windows-ix86+x86_64 0.99.0 3.00 32.00 35.00 NOTE
r-release-osx-x86_64 0.99.0 NOTE
r-oldrel-windows-ix86+x86_64 0.99.0 3.00 36.00 39.00 NOTE
r-oldrel-osx-x86_64 0.99.0 NOTE

Check Details

Version: 0.99.0
Check: DESCRIPTION meta-information
Result: NOTE
    Malformed Title field: should not end in a period.
Flavors: r-devel-linux-x86_64-debian-clang, r-devel-linux-x86_64-debian-gcc, r-devel-linux-x86_64-fedora-clang, r-devel-linux-x86_64-fedora-gcc, r-devel-windows-ix86+x86_64, r-patched-linux-x86_64, r-patched-solaris-x86, r-release-linux-x86_64, r-release-windows-ix86+x86_64, r-release-osx-x86_64, r-oldrel-windows-ix86+x86_64, r-oldrel-osx-x86_64

Version: 0.99.0
Check: R code for possible problems
Result: NOTE
    EstimateProbability: no visible global function definition for
     ‘predict’
    LOGICOIL: no visible binding for global variable ‘pssm’
    LOGICOIL: no visible binding for global variable ‘LOGICOILfit’
    LOGICOIL: no visible binding for global variable ‘Model_Parameters’
    plot_LOGICOIL: no visible global function definition for ‘png’
    plot_LOGICOIL: no visible global function definition for ‘par’
    plot_LOGICOIL: no visible global function definition for ‘plot’
    plot_LOGICOIL: no visible global function definition for ‘lines’
    plot_LOGICOIL: no visible global function definition for ‘axis’
    plot_LOGICOIL: no visible global function definition for ‘mtext’
    plot_LOGICOIL: no visible global function definition for ‘legend’
    plot_LOGICOIL: no visible global function definition for ‘dev.off’
    Undefined global functions or variables:
     LOGICOILfit Model_Parameters axis dev.off legend lines mtext par plot
     png predict pssm
    Consider adding
     importFrom("grDevices", "dev.off", "png")
     importFrom("graphics", "axis", "legend", "lines", "mtext", "par",
     "plot")
     importFrom("stats", "predict")
    to your NAMESPACE file.
Flavors: r-devel-linux-x86_64-debian-clang, r-devel-linux-x86_64-debian-gcc, r-devel-linux-x86_64-fedora-clang, r-devel-linux-x86_64-fedora-gcc, r-devel-windows-ix86+x86_64, r-patched-linux-x86_64, r-patched-solaris-x86, r-release-linux-x86_64, r-release-windows-ix86+x86_64, r-release-osx-x86_64, r-oldrel-windows-ix86+x86_64, r-oldrel-osx-x86_64