CRAN Package Check Results for Package LSDinterface

Last updated on 2018-04-29 01:47:08 CEST.

Flavor Version Tinstall Tcheck Ttotal Status Flags
r-devel-linux-x86_64-debian-clang 0.4.0 1.33 20.05 21.38 OK
r-devel-linux-x86_64-debian-gcc 0.4.0 1.28 16.53 17.81 OK
r-devel-linux-x86_64-fedora-clang 0.4.0 25.62 NOTE
r-devel-linux-x86_64-fedora-gcc 0.4.0 23.91 NOTE
r-devel-windows-ix86+x86_64 0.4.0 5.00 33.00 38.00 OK
r-patched-linux-x86_64 0.4.0 1.39 19.69 21.08 OK
r-patched-solaris-x86 0.4.0 37.30 NOTE
r-release-linux-x86_64 0.4.0 1.59 19.65 21.24 OK
r-release-windows-ix86+x86_64 0.4.0 5.00 33.00 38.00 OK
r-release-osx-x86_64 0.4.0 NOTE
r-oldrel-windows-ix86+x86_64 0.4.0 3.00 30.00 33.00 OK
r-oldrel-osx-x86_64 0.4.0 NOTE

Check Details

Version: 0.4.0
Check: dependencies in R code
Result: NOTE
    Namespace in Imports field not imported from: ‘utils’
     All declared Imports should be used.
Flavors: r-devel-linux-x86_64-fedora-clang, r-devel-linux-x86_64-fedora-gcc, r-patched-solaris-x86, r-release-osx-x86_64, r-oldrel-osx-x86_64