CRAN Package Check Results for Package Lahman

Last updated on 2018-04-29 01:47:07 CEST.

Flavor Version Tinstall Tcheck Ttotal Status Flags
r-devel-linux-x86_64-debian-clang 6.0-0 9.01 62.07 71.08 OK
r-devel-linux-x86_64-debian-gcc 6.0-0 8.69 47.11 55.80 OK
r-devel-linux-x86_64-fedora-clang 6.0-0 87.98 NOTE
r-devel-linux-x86_64-fedora-gcc 6.0-0 85.41 NOTE
r-devel-windows-ix86+x86_64 6.0-0 20.00 101.00 121.00 NOTE
r-patched-linux-x86_64 6.0-0 10.74 62.98 73.72 OK
r-patched-solaris-x86 6.0-0 160.70 NOTE
r-release-linux-x86_64 6.0-0 9.04 61.11 70.15 OK
r-release-windows-ix86+x86_64 6.0-0 20.00 101.00 121.00 NOTE
r-release-osx-x86_64 6.0-0 NOTE
r-oldrel-windows-ix86+x86_64 6.0-0 13.00 84.00 97.00 NOTE
r-oldrel-osx-x86_64 6.0-0 NOTE

Check Details

Version: 6.0-0
Check: installed package size
Result: NOTE
     installed size is 7.5Mb
     sub-directories of 1Mb or more:
     data 7.2Mb
Flavors: r-devel-linux-x86_64-fedora-clang, r-devel-linux-x86_64-fedora-gcc, r-devel-windows-ix86+x86_64, r-patched-solaris-x86, r-release-windows-ix86+x86_64, r-release-osx-x86_64, r-oldrel-windows-ix86+x86_64, r-oldrel-osx-x86_64