CRAN Package Check Results for Package MAINT.Data

Last updated on 2018-04-29 01:47:09 CEST.

Flavor Version Tinstall Tcheck Ttotal Status Flags
r-devel-linux-x86_64-debian-clang 1.2.1 123.35 74.52 197.87 OK
r-devel-linux-x86_64-debian-gcc 1.2.1 107.63 63.15 170.78 OK
r-devel-linux-x86_64-fedora-clang 1.2.1 288.88 OK
r-devel-linux-x86_64-fedora-gcc 1.2.1 258.90 OK
r-devel-windows-ix86+x86_64 1.2.1 275.00 157.00 432.00 OK
r-patched-linux-x86_64 1.2.1 124.55 76.07 200.62 OK
r-patched-solaris-x86 1.2.1 257.50 OK
r-release-linux-x86_64 1.2.1 126.53 76.11 202.64 OK
r-release-windows-ix86+x86_64 1.2.1 275.00 157.00 432.00 OK
r-release-osx-x86_64 1.2.1 NOTE
r-oldrel-windows-ix86+x86_64 1.2.1 203.00 104.00 307.00 OK
r-oldrel-osx-x86_64 1.2.1 NOTE

Check Details

Version: 1.2.1
Check: installed package size
Result: NOTE
     installed size is 15.3Mb
     sub-directories of 1Mb or more:
     libs 14.0Mb
Flavors: r-release-osx-x86_64, r-oldrel-osx-x86_64