CRAN Package Check Results for Package MANOVA.RM

Last updated on 2018-04-29 01:47:09 CEST.

Flavor Version Tinstall Tcheck Ttotal Status Flags
r-devel-linux-x86_64-debian-clang 0.2.1 4.88 39.13 44.01 WARN
r-devel-linux-x86_64-debian-gcc 0.2.1 3.54 35.64 39.18 NOTE
r-devel-linux-x86_64-fedora-clang 0.2.1 60.93 NOTE
r-devel-linux-x86_64-fedora-gcc 0.2.1 56.47 NOTE
r-devel-windows-ix86+x86_64 0.2.1 9.00 393.00 402.00 OK
r-patched-linux-x86_64 0.2.1 5.13 41.53 46.66 NOTE
r-patched-solaris-x86 0.2.1 641.90 OK
r-release-linux-x86_64 0.2.1 4.61 41.72 46.33 NOTE
r-release-windows-ix86+x86_64 0.2.1 9.00 393.00 402.00 OK
r-release-osx-x86_64 0.2.1 NOTE
r-oldrel-windows-ix86+x86_64 0.2.1 3.00 326.00 329.00 OK
r-oldrel-osx-x86_64 0.2.1 NOTE

Check Details

Version: 0.2.1
Check: DESCRIPTION meta-information
Result: NOTE
    Dependence on R version ‘3.4.1’ not with patchlevel 0
Flavors: r-devel-linux-x86_64-debian-clang, r-devel-linux-x86_64-debian-gcc, r-devel-linux-x86_64-fedora-clang, r-devel-linux-x86_64-fedora-gcc, r-patched-linux-x86_64, r-release-linux-x86_64

Version: 0.2.1
Check: re-building of vignette outputs
Result: WARN
    Error in re-building vignettes:
     ...
    Quitting from lines 61-65 (Introduction_to_MANOVA.RM.Rmd)
    Error: processing vignette ‘Introduction_to_MANOVA.RM.Rmd’ failed with diagnostics:
    cannot open the connection
    Execution halted
Flavor: r-devel-linux-x86_64-debian-clang

Version: 0.2.1
Check: package dependencies
Result: NOTE
    Package suggested but not available for checking: ‘RGtk2’
Flavors: r-release-osx-x86_64, r-oldrel-osx-x86_64