Last updated on 2018-04-29 01:47:09 CEST.
Flavor | Version | Tinstall | Tcheck | Ttotal | Status | Flags |
---|---|---|---|---|---|---|
r-devel-linux-x86_64-debian-clang | 0.0.3-5 | 6.28 | 75.19 | 81.47 | NOTE | |
r-devel-linux-x86_64-debian-gcc | 0.0.3-5 | 5.97 | 69.63 | 75.60 | NOTE | |
r-devel-linux-x86_64-fedora-clang | 0.0.3-5 | 101.30 | NOTE | |||
r-devel-linux-x86_64-fedora-gcc | 0.0.3-5 | 97.83 | NOTE | |||
r-devel-windows-ix86+x86_64 | 0.0.3-5 | 16.00 | 125.00 | 141.00 | NOTE | |
r-patched-linux-x86_64 | 0.0.3-5 | 5.20 | 73.75 | 78.95 | NOTE | |
r-patched-solaris-x86 | 0.0.3-5 | 145.00 | NOTE | |||
r-release-linux-x86_64 | 0.0.3-5 | 5.86 | 73.75 | 79.61 | NOTE | |
r-release-windows-ix86+x86_64 | 0.0.3-5 | 16.00 | 125.00 | 141.00 | NOTE | |
r-release-osx-x86_64 | 0.0.3-5 | NOTE | ||||
r-oldrel-windows-ix86+x86_64 | 0.0.3-5 | 11.00 | 78.00 | 89.00 | NOTE | |
r-oldrel-osx-x86_64 | 0.0.3-5 | NOTE |
Version: 0.0.3-5
Check: R code for possible problems
Result: NOTE
MFIerror: no visible binding for global variable ‘median’
MFIerror: no visible binding for global variable ‘mad’
MFIerror: no visible binding for global variable ‘sd’
MFIerror: no visible global function definition for ‘plot’
MFIerror: no visible global function definition for ‘arrows’
diffQ: no visible global function definition for ‘sd’
diffQ: no visible global function definition for ‘na.omit’
diffQ: no visible global function definition for ‘lm’
diffQ: no visible global function definition for ‘abline’
diffQ: no visible global function definition for ‘lines’
diffQ: no visible global function definition for ‘points’
diffQ: no visible global function definition for ‘spline’
diffQ : NRMSE: no visible global function definition for ‘residuals’
diffQ: no visible global function definition for ‘shapiro.test’
diffQ: no visible global function definition for ‘curve’
diffQ2: no visible global function definition for ‘predict’
diffQ2: no visible global function definition for ‘smooth.spline’
diffQ2: no visible global function definition for ‘par’
diffQ2: no visible global function definition for ‘abline’
diffQ2: no visible global function definition for ‘points’
diffQ2: no visible global function definition for ‘curve’
mcaPeaks: no visible global function definition for ‘smooth.spline’
mcaPeaks: no visible global function definition for ‘embed’
mcaSmoother: no visible global function definition for ‘head’
mcaSmoother: no visible global function definition for ‘tail’
mcaSmoother: no visible global function definition for ‘approx’
mcaSmoother: no visible global function definition for ‘smooth.spline’
mcaSmoother: no visible global function definition for ‘spline’
mcaSmoother: no visible global function definition for ‘lm’
Undefined global functions or variables:
abline approx arrows curve embed head lines lm mad median na.omit par
plot points predict residuals sd shapiro.test smooth.spline spline
tail
Consider adding
importFrom("graphics", "abline", "arrows", "curve", "lines", "par",
"plot", "points")
importFrom("stats", "approx", "embed", "lm", "mad", "median",
"na.omit", "predict", "residuals", "sd", "shapiro.test",
"smooth.spline", "spline")
importFrom("utils", "head", "tail")
to your NAMESPACE file.
Flavors: r-devel-linux-x86_64-debian-clang, r-devel-linux-x86_64-debian-gcc, r-devel-linux-x86_64-fedora-clang, r-devel-linux-x86_64-fedora-gcc, r-devel-windows-ix86+x86_64, r-patched-linux-x86_64, r-patched-solaris-x86, r-release-linux-x86_64, r-release-windows-ix86+x86_64, r-release-osx-x86_64, r-oldrel-windows-ix86+x86_64, r-oldrel-osx-x86_64