CRAN Package Check Results for Package MHTcop

Last updated on 2018-04-29 01:47:10 CEST.

Flavor Version Tinstall Tcheck Ttotal Status Flags
r-devel-linux-x86_64-debian-clang 0.1.0 1.38 34.35 35.73 OK
r-devel-linux-x86_64-debian-gcc 0.1.0 1.12 28.40 29.52 OK
r-devel-linux-x86_64-fedora-clang 0.1.0 43.55 NOTE
r-devel-linux-x86_64-fedora-gcc 0.1.0 40.26 NOTE
r-devel-windows-ix86+x86_64 0.1.0 5.00 60.00 65.00 OK
r-patched-linux-x86_64 0.1.0 0.91 33.17 34.08 OK
r-patched-solaris-x86 0.1.0 60.30 NOTE
r-release-linux-x86_64 0.1.0 1.14 34.00 35.14 OK
r-release-windows-ix86+x86_64 0.1.0 5.00 60.00 65.00 OK
r-release-osx-x86_64 0.1.0 NOTE
r-oldrel-windows-ix86+x86_64 0.1.0 3.00 50.00 53.00 OK
r-oldrel-osx-x86_64 0.1.0 NOTE

Check Details

Version: 0.1.0
Check: dependencies in R code
Result: NOTE
    Namespaces in Imports field not imported from:
     ‘MCMCpack’ ‘copula’
     All declared Imports should be used.
Flavors: r-devel-linux-x86_64-fedora-clang, r-devel-linux-x86_64-fedora-gcc, r-patched-solaris-x86, r-release-osx-x86_64, r-oldrel-osx-x86_64