Last updated on 2018-04-29 01:47:10 CEST.
Flavor | Version | Tinstall | Tcheck | Ttotal | Status | Flags |
---|---|---|---|---|---|---|
r-devel-linux-x86_64-debian-clang | 0.2.0 | 1.03 | 24.80 | 25.83 | OK | |
r-devel-linux-x86_64-debian-gcc | 0.2.0 | 1.07 | 20.33 | 21.40 | OK | |
r-devel-linux-x86_64-fedora-clang | 0.2.0 | 33.31 | OK | |||
r-devel-linux-x86_64-fedora-gcc | 0.2.0 | 30.94 | OK | |||
r-devel-windows-ix86+x86_64 | 0.2.0 | 4.00 | 69.00 | 73.00 | OK | |
r-patched-linux-x86_64 | 0.2.0 | 1.32 | 24.44 | 25.76 | OK | |
r-patched-solaris-x86 | 0.2.0 | 42.50 | OK | |||
r-release-linux-x86_64 | 0.2.0 | 0.94 | 24.33 | 25.27 | OK | |
r-release-windows-ix86+x86_64 | 0.2.0 | 4.00 | 69.00 | 73.00 | OK | |
r-release-osx-x86_64 | 0.2.0 | WARN | ||||
r-oldrel-windows-ix86+x86_64 | 0.2.0 | 3.00 | 55.00 | 58.00 | OK | |
r-oldrel-osx-x86_64 | 0.2.0 | WARN |
Version: 0.2.0
Check: package dependencies
Result: NOTE
Packages suggested but not available for checking: ‘minfi’ ‘BiocStyle’
Flavor: r-release-osx-x86_64
Version: 0.2.0
Check: re-building of vignette outputs
Result: WARN
Error in re-building vignettes:
...
Warning in engine$weave(file, quiet = quiet, encoding = enc) :
Pandoc (>= 1.12.3) and/or pandoc-citeproc not available. Falling back to R Markdown v1.
Quitting from lines 27-28 (vignette.Rmd)
Error: processing vignette 'vignette.Rmd' failed with diagnostics:
there is no package called 'BiocStyle'
Execution halted
Flavors: r-release-osx-x86_64, r-oldrel-osx-x86_64
Version: 0.2.0
Check: package dependencies
Result: NOTE
Packages suggested but not available for checking:
‘minfi’ ‘GEOquery’ ‘BiocStyle’
Flavor: r-oldrel-osx-x86_64