CRAN Package Check Results for Package Momocs

Last updated on 2018-04-29 01:47:11 CEST.

Flavor Version Tinstall Tcheck Ttotal Status Flags
r-devel-linux-x86_64-debian-clang 1.2.9 17.12 207.07 224.19 OK
r-devel-linux-x86_64-debian-gcc 1.2.9 14.51 97.80 112.31 ERROR
r-devel-linux-x86_64-fedora-clang 1.2.9 272.38 OK
r-devel-linux-x86_64-fedora-gcc 1.2.9 269.28 OK
r-devel-windows-ix86+x86_64 1.2.9 40.00 297.00 337.00 OK
r-patched-linux-x86_64 1.2.9 18.92 200.98 219.90 OK
r-patched-solaris-x86 1.2.9 335.70 OK
r-release-linux-x86_64 1.2.9 18.43 206.31 224.74 OK
r-release-windows-ix86+x86_64 1.2.9 40.00 297.00 337.00 OK
r-release-osx-x86_64 1.2.9 OK
r-oldrel-windows-ix86+x86_64 1.2.9 15.00 223.00 238.00 OK
r-oldrel-osx-x86_64 1.2.9 OK

Check Details

Version: 1.2.9
Check: examples
Result: ERROR
    Running examples in ‘Momocs-Ex.R’ failed
    The error most likely occurred in:
    
    > base::assign(".ptime", proc.time(), pos = "CheckExEnv")
    > ### Name: Coe
    > ### Title: Coe "super" class
    > ### Aliases: Coe
    >
    > ### ** Examples
    >
    > # to see all methods for Coe objects.
    > methods(class='Coe')
     [1] $ CLUST LDA [ [<- arrange
     [7] as_df breed chop dim dissolve export
    [13] filter get_pairs length mutate names names<-
    [19] perm reLDA sample_frac sample_n select slice
    [25] str which_out
    see '?methods' for accessing help and source code
    > # to see all methods for OutCoe objects.
    > methods(class='OutCoe') # same for OpnCoe, LdkCoe, TraCoe
     [1] LDA MANOVA PCA boxplot combine hcontrib hist mshapes
     [9] print rm_asym rm_sym symmetry
    see '?methods' for accessing help and source code
    >
    > bot.f<- efourier(bot, 12)
    you selected `norm=TRUE`, which is not recommended. See ?efourier
    > bot.f
    An OutCoe object [ elliptical Fourier analysis ]
    --------------------
     - $coe: 40 outlines described, 12 harmonics
    # A tibble: 40 x 2
     type fake
     <fct> <fct>
    1 whisky a
    2 whisky a
    3 whisky a
    4 whisky a
    5 whisky a
    6 whisky a
    # ... with 34 more rows
    > class(bot.f)
    [1] "OutCoe" "Coe"
    > inherits(bot.f, "Coe")
    [1] TRUE
    >
    > # if you want to work directly on the matrix of coefficients
    > bot.f$coe
     A1 A2 A3 A4 A5 A6
    brahma 1 0.006766531 0.09348184 0.01374288 0.023818571 0.008592275
    caney 1 0.007368844 0.09542847 0.01449765 0.022207326 0.006665955
    chimay 1 0.016535135 0.07571705 0.02736989 0.009876978 0.014306122
    corona 1 0.007486279 0.09616977 0.01220177 0.022887407 0.007281456
    deusventrue 1 0.019627538 0.09281761 0.02230953 0.015264921 0.014857953
    duvel 1 0.022177771 0.06895598 0.03354560 0.009316683 0.021131541
    franziskaner 1 0.007314669 0.09110003 0.01294912 0.023136784 0.010558958
    grimbergen 1 0.009522713 0.08573641 0.01974880 0.012878126 0.008485338
    guiness 1 0.009589570 0.08825041 0.02268926 0.017770767 0.010695823
    hoegardeen 1 0.009598003 0.09186435 0.01393702 0.020136724 0.008952962
    jupiler 1 0.008152360 0.09595083 0.01206957 0.023549986 0.007484692
    kingfisher 1 0.007788546 0.09459391 0.01346605 0.024571428 0.009229773
    latrappe 1 0.018476561 0.06035470 0.03974568 0.010493387 0.026379718
    lindemanskriek 1 0.012406103 0.09289294 0.01773845 0.020632152 0.010949655
    nicechouffe 1 0.015167563 0.09058037 0.02094971 0.020007417 0.014345165
    pecheresse 1 0.008436476 0.09409400 0.01181167 0.022221176 0.007960411
    sierranevada 1 0.015038107 0.08208708 0.02647382 0.013697543 0.013869924
    tanglefoot 1 0.018782346 0.07275504 0.03848616 0.008439294 0.018172933
    tauro 1 0.007333709 0.09536301 0.01149374 0.023043384 0.007093187
    westmalle 1 0.009100416 0.09469091 0.01450202 0.023460557 0.009582984
    amrut 1 0.004198631 0.09500128 0.02143863 0.026005715 0.011729658
    ballantines 1 -0.000653116 0.05733309 0.03154946 0.017516836 0.034198742
    bushmills 1 -0.004927807 0.08149528 0.01036776 0.023910616 0.017320375
    chivas 1 0.021613712 0.08642271 0.04314511 0.008460823 0.014376414
    dalmore 1 0.038669436 0.07265717 0.05680730 0.003277741 0.019363348
    famousgrouse 1 0.003373189 0.08802317 0.02019928 0.025507211 0.016776448
    glendronach 1 0.003257554 0.09526153 0.02074249 0.026167146 0.010932661
    glenmorangie 1 0.008572527 0.09410920 0.02136020 0.024756735 0.011430941
    highlandpark 1 -0.002122354 0.06989902 0.03612531 0.023554876 0.027350465
    jackdaniels 1 0.008777794 0.08626120 0.02940216 0.019373419 0.015295504
    jb 1 0.004384491 0.09517564 0.02460733 0.023505329 0.010741163
    johnniewalker 1 0.002370576 0.08321025 0.01719991 0.022474617 0.017724976
    magallan 1 -0.008648015 0.09924533 0.01455296 0.037258989 0.011586345
    makersmark 1 0.016536161 0.10229688 0.03388156 0.008773613 0.010192259
    oban 1 0.001652893 0.09909342 0.02127249 0.028337047 0.009671380
    oldpotrero 1 0.022935601 0.09391465 0.03109455 0.009138035 0.012979620
    redbreast 1 0.017769276 0.09281598 0.04425688 0.011246633 0.012792733
    tamdhu 1 0.005270821 0.09375949 0.02020814 0.025073663 0.010943288
    wildturkey 1 0.008605609 0.09229119 0.03228916 0.020978082 0.013010663
    yoichi 1 -0.001738226 0.07733113 0.02843759 0.024035740 0.023420967
     A7 A8 A9 A10
    brahma 0.0031835706 0.005158502 -7.262824e-04 0.0047287291
    caney 0.0035527091 0.007010166 1.214949e-03 0.0038734169
    chimay -0.0047412879 0.007814037 -2.112661e-03 0.0022043011
    corona 0.0055045888 0.007852411 8.767189e-04 0.0044201528
    deusventrue 0.0025214510 0.011391904 -1.733965e-03 0.0062083192
    duvel -0.0016871288 0.011025502 -1.042906e-04 0.0017042044
    franziskaner 0.0045813399 0.006927102 -5.793922e-04 0.0045217266
    grimbergen -0.0021957902 0.008213656 -1.577404e-03 0.0026346248
    guiness -0.0015195731 0.008550727 2.093772e-04 0.0060163830
    hoegardeen 0.0024034912 0.007507503 -1.234721e-03 0.0046892597
    jupiler 0.0055270378 0.006597011 1.073131e-03 0.0041448892
    kingfisher 0.0059527872 0.006778517 1.169809e-03 0.0044984721
    latrappe -0.0057950372 0.005954999 -5.463098e-03 -0.0001140651
    lindemanskriek 0.0033428880 0.008381096 -1.707332e-04 0.0050506285
    nicechouffe 0.0026214920 0.010288304 -4.913646e-04 0.0065828560
    pecheresse 0.0046954032 0.006669592 4.015144e-05 0.0042466561
    sierranevada -0.0043828769 0.009275932 -1.465646e-03 0.0059555586
    tanglefoot -0.0108560295 0.008370133 -2.988319e-03 0.0052185654
    tauro 0.0052560957 0.006425077 9.461829e-04 0.0040141970
    westmalle 0.0051463840 0.006848999 3.534839e-04 0.0042382642
    amrut 0.0019176785 0.008515916 1.392307e-03 0.0089150426
    ballantines 0.0045419501 0.014014932 -5.273138e-03 0.0006083616
    bushmills 0.0095020099 0.012457087 -3.988679e-04 0.0048132802
    chivas -0.0053775410 0.013797633 2.198119e-03 0.0031741809
    dalmore -0.0072008170 0.012093037 5.368701e-03 0.0025492686
    famousgrouse 0.0035195429 0.008617844 -1.621645e-03 0.0075384656
    glendronach 0.0018504691 0.007851391 1.483976e-03 0.0086527932
    glenmorangie 0.0023552959 0.007521806 1.103445e-03 0.0069834516
    highlandpark -0.0024258364 0.003973480 -7.894105e-03 0.0013284975
    jackdaniels -0.0047279969 0.008903250 -2.124758e-03 0.0090062900
    jb -0.0015584637 0.008915452 4.097146e-04 0.0089915939
    johnniewalker 0.0034197782 0.009945811 -3.913888e-03 0.0059350940
    magallan 0.0095026108 0.003088506 1.575409e-03 0.0054824432
    makersmark 0.0003303914 0.016520390 -1.901653e-03 0.0031138042
    oban 0.0022492968 0.007479292 2.478319e-03 0.0090114539
    oldpotrero 0.0015843674 0.012237947 -4.671411e-04 0.0023549220
    redbreast -0.0046107656 0.015170859 3.884228e-03 0.0045806501
    tamdhu 0.0013188307 0.006535142 1.700604e-04 0.0072170216
    wildturkey -0.0038244377 0.010171775 1.641229e-03 0.0092477531
    yoichi -0.0011328612 0.006117569 -8.008551e-03 0.0034639875
     A11 A12 B1 B2 B3
    brahma -0.0013733386 0.0016363823 0 -1.900652e-04 3.306231e-04
    caney -0.0018777601 0.0011330555 0 5.012013e-04 -3.851293e-04
    chimay -0.0012371979 -0.0018514226 0 1.843629e-04 4.196107e-04
    corona -0.0021742849 0.0026300698 0 -3.586724e-04 1.711055e-05
    deusventrue -0.0007936789 0.0028680575 0 1.774985e-04 -8.326845e-05
    duvel -0.0006045816 -0.0028942242 0 -4.198782e-04 7.447638e-05
    franziskaner -0.0015947508 0.0021935018 0 -8.367911e-04 -3.508429e-04
    grimbergen -0.0035563564 -0.0004162333 0 -4.478525e-04 -1.575351e-04
    guiness -0.0015222476 0.0005646464 0 4.379065e-05 -3.284575e-04
    hoegardeen -0.0024579838 0.0023152691 0 -1.402306e-05 3.803656e-04
    jupiler -0.0009974596 0.0023379940 0 1.831345e-04 -1.827727e-04
    kingfisher -0.0004648420 0.0023788807 0 -1.644074e-04 -3.059412e-04
    latrappe 0.0015068375 -0.0015514855 0 2.164816e-04 1.803082e-04
    lindemanskriek -0.0009359325 0.0022848386 0 4.100249e-04 2.208045e-04
    nicechouffe -0.0007619565 0.0033654095 0 5.495158e-04 -2.042167e-05
    pecheresse -0.0013782823 0.0024185755 0 2.181959e-04 -7.311833e-05
    sierranevada -0.0017933279 -0.0005349683 0 -2.089826e-04 -3.847117e-04
    tanglefoot -0.0003179777 -0.0031166695 0 2.257469e-04 -2.009399e-04
    tauro -0.0010466330 0.0023514452 0 1.762712e-04 -8.961804e-05
    westmalle -0.0004882420 0.0023217071 0 2.683034e-04 5.829510e-04
    amrut -0.0004155995 0.0028189180 0 3.259091e-04 3.840090e-04
    ballantines -0.0024674938 -0.0002274846 0 -8.980074e-06 1.013064e-03
    bushmills -0.0043970618 0.0017818484 0 8.084328e-04 8.012671e-04
    chivas -0.0016654883 -0.0026415175 0 6.073651e-04 3.070684e-04
    dalmore 0.0025922354 -0.0039822137 0 1.097768e-03 6.881659e-04
    famousgrouse 0.0001300206 0.0046515437 0 1.287495e-04 -1.324051e-04
    glendronach -0.0002084792 0.0025405566 0 4.149836e-04 1.394907e-04
    glenmorangie -0.0001692272 0.0025838514 0 8.773153e-05 -6.257124e-05
    highlandpark 0.0023214993 0.0028070218 0 -6.291662e-04 -7.091405e-04
    jackdaniels -0.0011544544 0.0013660407 0 1.828207e-04 -5.854778e-04
    jb -0.0026073348 0.0016289320 0 5.770034e-04 1.295536e-04
    johnniewalker -0.0026799451 0.0046998857 0 1.610309e-03 1.521699e-03
    magallan 0.0034410693 0.0056372281 0 -1.110357e-03 -1.017379e-03
    makersmark -0.0037381840 0.0031052372 0 -2.272912e-03 -1.921977e-03
    oban -0.0000555700 0.0026159662 0 5.217373e-04 3.289690e-04
    oldpotrero 0.0002650070 0.0005717670 0 -4.566144e-04 2.434271e-04
    redbreast -0.0017153754 -0.0017080604 0 1.568632e-04 1.213587e-04
    tamdhu -0.0004660552 0.0022520466 0 1.013117e-03 4.671170e-04
    wildturkey -0.0011040540 0.0003877287 0 9.489660e-04 9.344159e-04
    yoichi -0.0005670111 0.0040850862 0 2.371406e-04 3.337929e-04
     B4 B5 B6 B7
    brahma -5.191749e-04 1.067446e-04 -9.218905e-05 5.604686e-07
    caney 3.333918e-04 -2.899903e-04 7.350207e-05 -4.952054e-04
    chimay 3.227901e-04 -2.906714e-05 5.573360e-04 1.059517e-04
    corona -5.501057e-04 -1.907425e-04 -4.256287e-04 -2.147013e-04
    deusventrue -1.403373e-03 -3.240180e-04 -9.330047e-04 6.515692e-04
    duvel -6.627095e-04 6.107940e-05 -4.746985e-04 2.450959e-04
    franziskaner -6.983186e-04 -1.894199e-04 -5.170165e-04 5.988419e-05
    grimbergen 1.554676e-04 5.257427e-05 1.132609e-04 -6.848791e-05
    guiness -1.677242e-04 -5.817648e-04 -2.853668e-04 -5.620867e-04
    hoegardeen 3.285812e-04 4.813766e-04 3.691213e-04 5.309204e-04
    jupiler -4.540203e-05 -1.242456e-04 -5.198885e-05 -2.289954e-04
    kingfisher -1.751841e-04 3.014782e-05 2.132220e-04 4.144846e-04
    latrappe 5.468038e-04 2.303760e-04 5.053959e-04 2.603399e-04
    lindemanskriek 2.791269e-04 -2.076986e-04 -1.312595e-04 -1.367999e-04
    nicechouffe 2.492854e-04 2.171344e-04 2.155297e-04 1.621249e-04
    pecheresse 2.879648e-04 3.072908e-05 1.503582e-04 2.875235e-05
    sierranevada 2.254752e-04 -1.582761e-04 3.201773e-04 -2.506594e-04
    tanglefoot -3.556495e-04 -4.589428e-04 -1.231722e-04 -1.030225e-04
    tauro 8.045507e-05 4.030041e-05 1.942858e-04 7.124766e-05
    westmalle 2.086425e-04 5.569697e-04 -1.481080e-04 2.680453e-04
    amrut 2.692429e-04 2.370884e-04 4.975910e-05 1.929742e-04
    ballantines -2.175286e-04 1.006239e-03 -2.063087e-04 6.874951e-04
    bushmills 9.888621e-04 5.333749e-04 6.026329e-04 3.382499e-07
    chivas 1.231654e-04 -3.404412e-05 8.988476e-05 1.476812e-04
    dalmore 2.545366e-04 1.352642e-04 -1.253930e-04 2.101188e-04
    famousgrouse -1.274614e-04 2.141211e-04 -1.073666e-04 1.188717e-05
    glendronach 1.071609e-04 -2.016928e-04 -6.904446e-05 -1.327779e-04
    glenmorangie 1.913928e-04 -9.675222e-05 1.480796e-04 -8.118855e-05
    highlandpark -2.204109e-04 -5.021317e-04 3.287316e-04 -2.505046e-04
    jackdaniels -7.969529e-04 -4.880520e-04 -1.903562e-04 3.092736e-04
    jb -1.422141e-04 -2.056778e-04 -2.053789e-04 1.048725e-04
    johnniewalker 1.140415e-03 1.505532e-04 2.156619e-04 -1.772208e-04
    magallan -7.964354e-04 -6.143625e-04 -3.734865e-04 -1.291146e-04
    makersmark -3.452843e-04 -1.437534e-04 4.289043e-04 -9.732915e-04
    oban 3.351843e-04 4.359254e-05 1.826487e-05 -6.027186e-05
    oldpotrero -2.060062e-04 3.778706e-05 -5.576392e-04 2.258336e-04
    redbreast -1.087561e-04 -1.587376e-04 -9.420764e-05 -7.636860e-06
    tamdhu 2.449976e-04 3.452581e-05 -1.344683e-04 1.407481e-04
    wildturkey 2.048265e-04 1.038328e-04 7.988232e-06 2.379076e-04
    yoichi 2.790195e-04 2.201285e-04 1.423493e-05 -5.626562e-05
     B8 B9 B10 B11
    brahma 6.268503e-06 -1.960132e-04 1.334431e-04 4.058288e-05
    caney 8.536695e-05 -4.143363e-04 1.667420e-04 -3.134942e-04
    chimay 6.209192e-04 1.441644e-04 1.715223e-04 5.930974e-05
    corona -1.931107e-04 -3.048499e-04 -2.065499e-04 -2.244684e-04
    deusventrue -8.354423e-04 2.287499e-05 -6.080012e-04 2.971827e-04
    duvel -1.676532e-04 1.512500e-04 6.986965e-05 2.318703e-04
    franziskaner -3.810484e-04 5.133436e-05 -3.407356e-04 5.681736e-05
    grimbergen -9.289817e-05 2.532879e-05 1.655384e-04 3.086461e-04
    guiness -1.496463e-04 -4.662246e-04 -1.905673e-04 -3.642220e-04
    hoegardeen 3.462062e-04 4.557837e-04 4.205444e-04 3.080245e-04
    jupiler -8.073101e-05 -2.203453e-04 -1.514837e-04 -1.572771e-04
    kingfisher 1.324881e-05 1.991329e-04 1.802238e-04 2.681872e-04
    latrappe 1.829641e-04 2.106651e-04 -1.447749e-04 2.756836e-04
    lindemanskriek 4.871774e-05 -4.788973e-05 -2.120403e-04 -1.394498e-04
    nicechouffe 1.463372e-04 2.488056e-04 8.034353e-05 2.586078e-04
    pecheresse 2.759482e-04 1.481251e-05 1.433130e-04 -1.556835e-05
    sierranevada 1.406542e-04 -1.888577e-04 6.806233e-05 -5.042849e-05
    tanglefoot 5.673867e-06 -2.751261e-04 -3.002656e-04 -2.455063e-04
    tauro 2.932668e-04 1.286768e-04 1.547277e-04 1.336644e-04
    westmalle -1.539093e-04 4.586356e-04 1.799417e-05 3.301881e-04
    amrut 1.570262e-04 2.548664e-04 1.115168e-04 7.490810e-06
    ballantines -3.868333e-05 3.003380e-04 1.592670e-04 -5.079525e-05
    bushmills 2.135771e-04 -2.019147e-04 1.348464e-04 -1.302260e-04
    chivas 1.332194e-04 1.056333e-04 2.227781e-05 4.227956e-05
    dalmore -4.021158e-06 2.679348e-04 -2.632871e-05 1.881627e-04
    famousgrouse -2.566731e-04 2.195639e-04 -7.568478e-05 1.842423e-04
    glendronach 2.453495e-05 -7.915842e-06 -1.865175e-05 -6.786263e-05
    glenmorangie 1.557411e-04 -3.527084e-06 1.414448e-04 -9.027797e-06
    highlandpark 3.870735e-04 -4.437162e-04 1.970082e-04 -4.866817e-04
    jackdaniels -1.751848e-04 -3.777874e-05 -1.953733e-04 2.389926e-04
    jb 1.396719e-04 1.902920e-04 -7.877557e-05 4.429623e-05
    johnniewalker 5.133497e-04 1.719490e-04 5.339652e-04 -1.814410e-04
    magallan -1.577770e-04 -1.006505e-04 -1.482048e-04 -8.058980e-06
    makersmark -5.600587e-04 -7.200799e-04 4.777646e-04 2.581853e-04
    oban 8.787835e-05 1.113193e-04 1.307306e-04 -2.483305e-05
    oldpotrero -3.831452e-04 2.156873e-04 -5.679089e-04 2.063675e-04
    redbreast 2.541246e-05 2.426826e-05 -8.753325e-05 -8.652635e-06
    tamdhu -3.383952e-05 3.365051e-04 -1.785979e-04 -4.280721e-06
    wildturkey 3.002663e-04 1.207047e-04 1.615231e-04 -7.004425e-06
    yoichi -1.168653e-04 -8.227670e-05 5.854442e-05 8.229082e-05
     B12 C1 C2 C3 C4
    brahma -1.917814e-04 0 -1.637571e-03 -3.936895e-03 5.408096e-03
    caney 2.011956e-05 0 1.239828e-03 -2.845651e-04 3.757825e-04
    chimay -3.197006e-06 0 -3.757608e-03 -1.797357e-03 -2.127924e-03
    corona -6.091420e-06 0 -1.652864e-03 1.573302e-03 4.897281e-04
    deusventrue -2.794108e-04 0 1.552775e-03 7.706329e-04 -1.416448e-03
    duvel 1.659893e-04 0 2.872128e-04 -5.422392e-06 -7.785717e-04
    franziskaner -2.140707e-04 0 -1.253868e-03 3.476506e-04 1.004621e-03
    grimbergen 1.890428e-04 0 1.700875e-03 -1.452474e-04 4.332935e-04
    guiness -2.602631e-04 0 -5.088378e-04 1.628258e-03 5.025916e-05
    hoegardeen 2.814325e-04 0 -2.538102e-03 6.627214e-04 -1.481847e-03
    jupiler -1.151375e-04 0 9.877198e-04 -8.223351e-05 1.286204e-04
    kingfisher 1.550433e-04 0 8.355893e-04 -2.193322e-03 -9.853901e-04
    latrappe -1.942322e-04 0 2.026476e-03 6.109498e-04 -1.518299e-04
    lindemanskriek -5.113408e-05 0 -1.736348e-03 1.465734e-03 -1.513403e-03
    nicechouffe 4.652882e-05 0 -5.467071e-04 2.799211e-04 -4.577128e-04
    pecheresse 1.587407e-04 0 1.796104e-03 -3.206383e-04 -1.338857e-04
    sierranevada 3.125122e-05 0 9.370620e-04 -7.543929e-04 2.972714e-04
    tanglefoot -9.215486e-05 0 -7.405447e-04 3.028807e-04 6.337466e-04
    tauro 1.226045e-04 0 1.122815e-04 -2.572009e-04 -8.133564e-04
    westmalle 4.757341e-05 0 1.228197e-03 -2.741133e-04 9.140310e-05
    amrut -9.179140e-05 0 4.658444e-04 -4.347520e-04 -3.326225e-05
    ballantines 3.235267e-04 0 -5.591149e-04 1.469581e-03 -1.536579e-03
    bushmills 2.015409e-04 0 -3.958316e-04 1.944836e-03 -7.053533e-05
    chivas -6.666931e-05 0 -1.172232e-03 -1.218925e-03 -3.262755e-05
    dalmore -9.894417e-05 0 6.958725e-04 -1.680610e-03 6.152298e-04
    famousgrouse -7.211196e-05 0 7.115395e-05 8.468121e-04 -4.933730e-04
    glendronach -9.224044e-05 0 -7.099606e-05 6.421159e-04 -4.706785e-04
    glenmorangie 6.261072e-05 0 -8.919633e-06 -2.628346e-04 9.674043e-05
    highlandpark 1.369676e-04 0 -1.617000e-03 5.528353e-04 -3.372340e-04
    jackdaniels 3.169089e-04 0 5.328968e-04 -1.540810e-03 -5.769145e-04
    jb -5.463792e-05 0 -2.505933e-03 -9.424246e-04 -8.780719e-04
    johnniewalker -5.200179e-05 0 4.677592e-03 -4.233763e-04 -1.898993e-03
    magallan -1.072102e-04 0 2.189543e-04 4.632813e-04 1.888985e-04
    makersmark 8.085419e-06 0 1.698257e-03 -6.596354e-04 3.533379e-04
    oban -6.805926e-05 0 6.795967e-07 1.085005e-06 -4.641661e-04
    oldpotrero -3.604369e-04 0 -6.093255e-05 4.513517e-05 -4.902640e-04
    redbreast 1.217829e-04 0 -1.468386e-03 1.265193e-04 -1.396525e-04
    tamdhu -2.219702e-04 0 9.586941e-04 6.330302e-04 -2.779959e-04
    wildturkey 2.260401e-05 0 -9.213008e-05 -1.129525e-03 -4.176692e-04
    yoichi 1.472054e-04 0 5.380772e-05 -7.906572e-05 -7.656576e-04
     C5 C6 C7 C8
    brahma -1.259407e-03 -3.994402e-03 3.268582e-03 4.792269e-04
    caney -4.017802e-05 4.699805e-04 2.518166e-04 6.300072e-04
    chimay -4.663387e-04 -7.424827e-05 -8.096453e-05 9.946667e-04
    corona 1.867708e-04 6.888736e-04 3.145355e-04 5.189042e-04
    deusventrue 1.463377e-03 9.055123e-04 -2.834923e-04 -1.443910e-03
    duvel 3.178998e-04 2.219253e-04 5.438377e-04 -3.518900e-06
    franziskaner 1.054384e-03 2.433412e-04 9.526672e-04 8.662476e-04
    grimbergen -6.417041e-04 -1.403671e-03 1.850428e-04 1.990252e-04
    guiness 8.516115e-05 5.947385e-04 -3.856099e-04 2.426892e-04
    hoegardeen -6.536099e-04 -5.091092e-04 -6.872483e-04 -4.089876e-04
    jupiler 4.242307e-04 1.903101e-04 -1.512322e-04 3.486794e-04
    kingfisher 1.200089e-03 4.039578e-05 -2.246083e-04 -6.682649e-04
    latrappe -2.100725e-04 4.680496e-04 1.907268e-04 -1.386083e-04
    lindemanskriek 2.721525e-04 -8.593526e-04 -1.905709e-04 1.402970e-04
    nicechouffe -4.033887e-04 -3.674008e-04 -1.582921e-04 -3.898917e-04
    pecheresse -3.165154e-04 -6.798663e-04 -1.857663e-04 -5.070674e-04
    sierranevada 4.903049e-04 5.175725e-04 -5.450918e-04 -6.169308e-04
    tanglefoot 6.556462e-04 1.058980e-03 8.585128e-04 5.745493e-04
    tauro -4.748704e-04 -3.315681e-04 -4.564306e-04 -3.514821e-04
    westmalle -4.491227e-04 -2.495132e-04 -7.270457e-05 -1.344863e-04
    amrut 8.477464e-05 -1.080422e-04 2.126076e-04 -9.256970e-05
    ballantines 6.528392e-04 -2.944984e-04 -5.656855e-04 1.789388e-04
    bushmills 9.280815e-04 -4.013982e-04 -6.650163e-04 -5.644542e-04
    chivas 1.300827e-04 -3.851168e-05 4.239507e-05 1.334791e-04
    dalmore -2.964899e-04 -1.304289e-04 7.782306e-04 -4.877421e-04
    famousgrouse 6.303902e-04 -1.322629e-04 -2.372041e-04 -2.550728e-05
    glendronach -3.501431e-04 -2.525866e-04 3.742212e-04 1.133101e-04
    glenmorangie -3.395833e-04 -4.246431e-04 -3.274667e-04 1.061570e-04
    highlandpark 6.066669e-04 1.088092e-03 5.256719e-04 5.273203e-04
    jackdaniels 1.023982e-03 9.323203e-04 1.214171e-03 5.898250e-04
    jb 2.339479e-04 3.473492e-04 3.733691e-04 1.626720e-04
    johnniewalker -8.686486e-04 -1.355694e-03 1.175580e-03 3.264915e-04
    magallan 2.310078e-04 -1.038695e-04 -1.026307e-05 1.023165e-04
    makersmark -5.037028e-04 -1.240866e-04 -7.956100e-05 -6.606345e-05
    oban -3.076544e-04 -4.937905e-04 -1.310019e-05 -2.416906e-04
    oldpotrero -5.717320e-04 -9.307817e-04 1.291075e-04 -5.512552e-04
    redbreast -6.765261e-04 1.325618e-04 4.297985e-04 3.419357e-04
    tamdhu -1.871447e-04 -1.524034e-04 6.923348e-05 -5.932353e-04
    wildturkey -5.568095e-04 1.396939e-04 -3.130911e-04 -2.441291e-05
    yoichi -1.807137e-04 -7.887244e-04 -4.647802e-04 -2.321719e-04
     C9 C10 C11 C12
    brahma -1.321861e-03 7.225736e-04 2.052451e-04 1.666890e-04
    caney 4.837212e-04 -3.443095e-04 1.349160e-04 4.336526e-06
    chimay -5.660053e-04 2.292011e-04 3.851391e-04 -2.066153e-05
    corona 3.419355e-04 -4.427112e-05 5.053095e-04 2.703064e-04
    deusventrue 5.149210e-05 4.983572e-04 -8.471361e-05 3.773608e-04
    duvel 4.727181e-05 8.518990e-04 5.267156e-05 -7.761916e-06
    franziskaner 4.052798e-04 2.307566e-04 5.425481e-04 8.822035e-04
    grimbergen -4.235811e-04 -1.047152e-04 8.528320e-05 -4.862829e-04
    guiness 2.578559e-05 -4.057230e-04 3.454914e-04 3.070080e-04
    hoegardeen -2.093222e-04 -8.166019e-05 -5.849685e-04 -1.080950e-04
    jupiler 3.426590e-04 1.476449e-04 3.134641e-04 2.698336e-04
    kingfisher 1.267526e-04 2.565541e-04 -2.246671e-04 6.355569e-05
    latrappe -4.351985e-06 -5.637614e-05 4.355069e-04 3.406179e-04
    lindemanskriek -4.691485e-04 6.262551e-04 3.619995e-05 5.173449e-04
    nicechouffe -2.084102e-04 4.207808e-04 7.211961e-05 -7.528575e-05
    pecheresse -2.691263e-04 -5.693772e-04 -3.209598e-04 2.785471e-04
    sierranevada 1.686643e-04 2.583335e-04 8.547137e-04 -1.139936e-04
    tanglefoot 7.740523e-04 4.070373e-04 5.906937e-04 9.596081e-04
    tauro -3.210499e-04 -2.265987e-04 5.213196e-05 1.560054e-07
    westmalle 4.839335e-04 5.801730e-05 1.736045e-04 -1.456983e-04
    amrut -1.864115e-04 -2.461486e-04 -3.925113e-04 -1.058934e-04
    ballantines -5.195587e-04 3.044292e-04 -2.940957e-04 -8.254562e-05
    bushmills -7.180710e-04 9.032786e-05 -3.120552e-04 3.338259e-04
    chivas -3.525098e-05 -9.088640e-05 2.114664e-04 -4.123221e-05
    dalmore 2.200639e-05 -1.248926e-04 -1.755355e-06 2.379108e-04
    famousgrouse -3.212998e-04 3.215665e-04 -7.784050e-05 -5.945648e-04
    glendronach 9.391914e-05 1.721023e-04 -5.496005e-04 -4.452810e-05
    glenmorangie -1.452951e-05 2.274608e-05 8.210480e-05 2.227747e-04
    highlandpark -1.043832e-04 2.593737e-04 7.274696e-06 -7.945600e-05
    jackdaniels -6.541464e-05 8.873609e-04 3.142194e-04 5.911319e-04
    jb -2.944987e-04 2.504811e-05 -2.127576e-05 -1.962938e-04
    johnniewalker -8.111435e-05 -2.403699e-04 -1.403144e-03 -1.314933e-04
    magallan 4.068423e-04 5.073294e-04 1.401801e-04 3.243760e-04
    makersmark 4.971815e-04 6.070002e-04 1.442476e-05 -8.225582e-05
    oban -1.976049e-04 -2.813942e-04 -2.577944e-04 -9.115022e-05
    oldpotrero -5.682370e-04 1.529407e-07 -2.873197e-04 -1.840435e-04
    redbreast -3.874401e-05 4.931648e-05 3.073398e-04 8.441133e-05
    tamdhu -5.985664e-04 -4.647946e-04 -1.822017e-04 1.592463e-04
    wildturkey 1.524887e-05 -6.414600e-04 2.874523e-04 -2.824274e-05
    yoichi -2.834302e-04 1.556736e-04 -8.243757e-05 1.918715e-04
     D1 D2 D3 D4 D5
    brahma 0.2937120 -0.04602927 0.05240292 -0.035768593 0.03999516
    caney 0.3046235 -0.07069129 0.05062805 -0.011400633 0.04383297
    chimay 0.4156841 -0.09356117 0.04692603 -0.019249436 0.03965332
    corona 0.2745921 -0.05755121 0.05150878 -0.011252954 0.03689351
    deusventrue 0.3149661 -0.11964363 0.05529900 0.007135060 0.03861865
    duvel 0.4496172 -0.09170033 0.05080071 -0.024018306 0.03036868
    franziskaner 0.3002734 -0.05637154 0.04411627 -0.030282997 0.03014850
    grimbergen 0.3651919 -0.09065897 0.05082210 -0.010242594 0.04317369
    guiness 0.3505997 -0.08196508 0.04422914 -0.022614638 0.04330972
    hoegardeen 0.2945708 -0.06921001 0.05080275 -0.012677940 0.04146196
    jupiler 0.2872499 -0.06835188 0.05058090 -0.011055591 0.04109503
    kingfisher 0.3038732 -0.06930174 0.04366992 -0.021888850 0.03308585
    latrappe 0.4672257 -0.08743553 0.04401705 -0.038810531 0.02809569
    lindemanskriek 0.3008112 -0.08389446 0.04783652 -0.013888395 0.04157982
    nicechouffe 0.3127453 -0.09102591 0.04393446 -0.019927059 0.03779695
    pecheresse 0.2877918 -0.07053519 0.05180968 -0.009320568 0.04090001
    sierranevada 0.3773035 -0.07825101 0.05234901 -0.021705236 0.03981425
    tanglefoot 0.4079636 -0.09801072 0.04110270 -0.028374451 0.04305818
    tauro 0.2869165 -0.06868727 0.05072815 -0.010829946 0.04098501
    westmalle 0.2901614 -0.07168182 0.04932024 -0.012449351 0.03886788
    amrut 0.2916508 -0.07148727 0.03950517 -0.025866432 0.04086520
    ballantines 0.4617826 -0.07263052 0.04705459 -0.054513278 0.00386769
    bushmills 0.3159155 -0.02993821 0.05271205 -0.040523047 0.01619821
    chivas 0.4010304 -0.12319740 0.04665481 -0.003452339 0.05226216
    dalmore 0.4148687 -0.14805699 0.04396881 -0.010373143 0.05369374
    famousgrouse 0.3082730 -0.05984603 0.04245023 -0.038145717 0.02994654
    glendronach 0.2880496 -0.06941189 0.04010808 -0.026119002 0.04146027
    glenmorangie 0.2784428 -0.06974209 0.02918920 -0.025306813 0.04836028
    highlandpark 0.4216191 -0.07914764 0.04537064 -0.044351756 0.02868104
    jackdaniels 0.3474874 -0.08171102 0.04501412 -0.023326513 0.04362364
    jb 0.2978504 -0.07724044 0.04167029 -0.021228975 0.04549082
    johnniewalker 0.3097702 -0.04720860 0.04457306 -0.040162288 0.02378800
    magallan 0.2790080 -0.04764937 0.01811567 -0.036589697 0.02988117
    makersmark 0.3905990 -0.12195322 0.04665759 0.014950483 0.04867625
    oban 0.2773362 -0.07277254 0.03313763 -0.023775433 0.04405146
    oldpotrero 0.3550787 -0.13906787 0.05059907 0.008348999 0.04726562
    redbreast 0.3884532 -0.13265717 0.04117925 -0.003816545 0.05332588
    tamdhu 0.2956700 -0.06219547 0.04086923 -0.024902731 0.04397834
    wildturkey 0.3186215 -0.08962249 0.03633236 -0.023651702 0.05160018
    yoichi 0.3745590 -0.07064336 0.04209729 -0.040564238 0.03281077
     D6 D7 D8 D9
    brahma 1.156917e-02 1.544573e-02 0.0013278090 0.0017860170
    caney 4.485691e-03 9.597789e-03 0.0016029758 0.0082459711
    chimay 1.731744e-02 1.044446e-02 0.0104067305 0.0026404547
    corona -4.664986e-03 9.465002e-03 0.0001838085 0.0120730321
    deusventrue -8.770510e-04 1.356919e-02 0.0076757796 0.0034745699
    duvel 1.486796e-02 7.642213e-03 0.0154756340 0.0060020330
    franziskaner 1.266218e-03 1.748451e-02 0.0047455611 0.0067787344
    grimbergen 7.100085e-03 6.253179e-03 0.0076965820 0.0090999349
    guiness 9.543784e-03 9.549881e-03 0.0017249204 0.0017518501
    hoegardeen 2.601196e-03 1.267815e-02 0.0028528664 0.0079320590
    jupiler 2.215650e-03 1.160311e-02 0.0034969489 0.0080290760
    kingfisher 2.046087e-03 1.149394e-02 0.0039224376 0.0069746627
    latrappe 2.444196e-02 2.163781e-02 0.0204539980 -0.0001441159
    lindemanskriek 2.496230e-03 1.222294e-02 0.0053531769 0.0062723553
    nicechouffe 3.314725e-03 1.247704e-02 0.0066425182 0.0051531928
    pecheresse 2.471297e-03 1.468476e-02 0.0056123765 0.0084044229
    sierranevada 1.057630e-02 8.974816e-03 0.0026404084 0.0003673360
    tanglefoot 1.902021e-02 1.046530e-02 0.0039430719 -0.0033493172
    tauro 2.321158e-03 1.173141e-02 0.0034750116 0.0079425387
    westmalle 1.786521e-03 1.515342e-02 0.0060316179 0.0079388255
    amrut 6.369733e-03 1.572832e-02 -0.0038463793 0.0013700406
    ballantines 4.344419e-03 1.645402e-02 0.0254142957 0.0095935791
    bushmills -1.167929e-02 2.000745e-02 0.0117755165 0.0158424792
    chivas 7.036241e-03 -4.363041e-03 0.0063540528 0.0079672331
    dalmore 1.718407e-02 -6.837798e-03 0.0070735547 -0.0019258037
    famousgrouse 4.059251e-03 2.229183e-02 0.0037608752 0.0010406075
    glendronach 6.223170e-03 1.521132e-02 -0.0043261577 0.0013210684
    glenmorangie 5.822448e-03 1.976818e-02 -0.0044147538 0.0033213121
    highlandpark 1.979571e-02 2.717259e-02 0.0200795294 -0.0021232596
    jackdaniels 1.186579e-02 1.329499e-02 -0.0005343742 -0.0016003714
    jb 6.441694e-03 1.187397e-02 -0.0057652170 0.0017868329
    johnniewalker 8.789822e-05 2.661158e-02 0.0128165570 0.0105593342
    magallan 6.181261e-03 2.628647e-02 0.0002557046 0.0036531313
    makersmark -5.885380e-03 -3.124763e-04 0.0123974490 0.0123986615
    oban 7.290747e-03 1.526810e-02 -0.0064234752 0.0024990961
    oldpotrero -1.263673e-03 9.106123e-06 0.0131403235 0.0062358607
    redbreast 7.554115e-03 -5.549155e-03 0.0028962725 0.0066649976
    tamdhu 7.609569e-03 1.817766e-02 -0.0043937269 0.0004398248
    wildturkey 1.072078e-02 1.329394e-02 -0.0045720419 -0.0006442784
    yoichi 1.665764e-02 2.932085e-02 0.0147708913 0.0009353830
     D10 D11 D12
    brahma 0.006789017 0.0048196384 0.007143143
    caney 0.011464283 0.0039468981 0.003663644
    chimay 0.012590865 0.0018154608 0.002625857
    corona 0.008346831 0.0027556006 0.002567053
    deusventrue 0.006022626 0.0007085549 0.005811255
    duvel 0.014318246 0.0021405582 -0.001168779
    franziskaner 0.007215285 0.0030768626 0.006498196
    grimbergen 0.013935311 0.0016133249 0.001782113
    guiness 0.013609736 0.0052742301 0.006464424
    hoegardeen 0.007661150 0.0026973921 0.005420800
    jupiler 0.007523271 0.0027339312 0.004363034
    kingfisher 0.006826146 0.0028630395 0.005290393
    latrappe 0.007468498 -0.0011091276 0.003570302
    lindemanskriek 0.007494807 0.0009831097 0.006687031
    nicechouffe 0.007804735 0.0010554318 0.006544953
    pecheresse 0.006507851 0.0023044001 0.005130825
    sierranevada 0.013424754 0.0060565295 0.007716962
    tanglefoot 0.012760316 0.0055315212 0.008787267
    tauro 0.007452360 0.0026002512 0.004223806
    westmalle 0.005389195 0.0009150318 0.004619774
    amrut 0.008090140 0.0077694214 0.009648834
    ballantines 0.009641210 -0.0013505569 0.001193993
    bushmills 0.012190958 0.0027373737 0.003932980
    chivas 0.019338356 0.0019726115 0.002305432
    dalmore 0.016575636 0.0049437344 0.004000701
    famousgrouse 0.003906640 0.0019458696 0.010187413
    glendronach 0.008581179 0.0087430642 0.009902698
    glenmorangie 0.007165778 0.0033642678 0.009454943
    highlandpark 0.003043362 -0.0045393480 0.006887804
    jackdaniels 0.009896143 0.0071305091 0.011652937
    jb 0.011312129 0.0089093269 0.008895351
    johnniewalker 0.004724823 -0.0013880745 0.003178167
    magallan -0.002901850 0.0030725685 0.006182579
    makersmark 0.007706173 -0.0025568628 0.002741739
    oban 0.007789470 0.0092615797 0.008856510
    oldpotrero 0.009884923 0.0004827760 0.006465018
    redbreast 0.019010171 0.0030489037 0.003575003
    tamdhu 0.006990252 0.0067355151 0.011091059
    wildturkey 0.012225665 0.0056575767 0.009083087
    yoichi 0.001967838 -0.0043542059 0.006408266
    >
    > #getters
    > bot.f[1]
     A1 A2 A3 A4 A5
     1.000000e+00 6.766531e-03 9.348184e-02 1.374288e-02 2.381857e-02
     A6 A7 A8 A9 A10
     8.592275e-03 3.183571e-03 5.158502e-03 -7.262824e-04 4.728729e-03
     A11 A12 B1 B2 B3
    -1.373339e-03 1.636382e-03 0.000000e+00 -1.900652e-04 3.306231e-04
     B4 B5 B6 B7 B8
    -5.191749e-04 1.067446e-04 -9.218905e-05 5.604686e-07 6.268503e-06
     B9 B10 B11 B12 C1
    -1.960132e-04 1.334431e-04 4.058288e-05 -1.917814e-04 0.000000e+00
     C2 C3 C4 C5 C6
    -1.637571e-03 -3.936895e-03 5.408096e-03 -1.259407e-03 -3.994402e-03
     C7 C8 C9 C10 C11
     3.268582e-03 4.792269e-04 -1.321861e-03 7.225736e-04 2.052451e-04
     C12 D1 D2 D3 D4
     1.666890e-04 2.937120e-01 -4.602927e-02 5.240292e-02 -3.576859e-02
     D5 D6 D7 D8 D9
     3.999516e-02 1.156917e-02 1.544573e-02 1.327809e-03 1.786017e-03
     D10 D11 D12
     6.789017e-03 4.819638e-03 7.143143e-03
    > bot.f[1:5]
     A1 A2 A3 A4 A5 A6
    brahma 1 0.006766531 0.09348184 0.01374288 0.023818571 0.008592275
    caney 1 0.007368844 0.09542847 0.01449765 0.022207326 0.006665955
    chimay 1 0.016535135 0.07571705 0.02736989 0.009876978 0.014306122
    corona 1 0.007486279 0.09616977 0.01220177 0.022887407 0.007281456
    deusventrue 1 0.019627538 0.09281761 0.02230953 0.015264921 0.014857953
     A7 A8 A9 A10 A11
    brahma 0.003183571 0.005158502 -0.0007262824 0.004728729 -0.0013733386
    caney 0.003552709 0.007010166 0.0012149488 0.003873417 -0.0018777601
    chimay -0.004741288 0.007814037 -0.0021126606 0.002204301 -0.0012371979
    corona 0.005504589 0.007852411 0.0008767189 0.004420153 -0.0021742849
    deusventrue 0.002521451 0.011391904 -0.0017339646 0.006208319 -0.0007936789
     A12 B1 B2 B3 B4
    brahma 0.001636382 0 -0.0001900652 3.306231e-04 -0.0005191749
    caney 0.001133056 0 0.0005012013 -3.851293e-04 0.0003333918
    chimay -0.001851423 0 0.0001843629 4.196107e-04 0.0003227901
    corona 0.002630070 0 -0.0003586724 1.711055e-05 -0.0005501057
    deusventrue 0.002868057 0 0.0001774985 -8.326845e-05 -0.0014033732
     B5 B6 B7 B8
    brahma 1.067446e-04 -9.218905e-05 5.604686e-07 6.268503e-06
    caney -2.899903e-04 7.350207e-05 -4.952054e-04 8.536695e-05
    chimay -2.906714e-05 5.573360e-04 1.059517e-04 6.209192e-04
    corona -1.907425e-04 -4.256287e-04 -2.147013e-04 -1.931107e-04
    deusventrue -3.240180e-04 -9.330047e-04 6.515692e-04 -8.354423e-04
     B9 B10 B11 B12 C1
    brahma -1.960132e-04 0.0001334431 4.058288e-05 -1.917814e-04 0
    caney -4.143363e-04 0.0001667420 -3.134942e-04 2.011956e-05 0
    chimay 1.441644e-04 0.0001715223 5.930974e-05 -3.197006e-06 0
    corona -3.048499e-04 -0.0002065499 -2.244684e-04 -6.091420e-06 0
    deusventrue 2.287499e-05 -0.0006080012 2.971827e-04 -2.794108e-04 0
     C2 C3 C4 C5
    brahma -0.001637571 -0.0039368955 0.0054080962 -1.259407e-03
    caney 0.001239828 -0.0002845651 0.0003757825 -4.017802e-05
    chimay -0.003757608 -0.0017973566 -0.0021279238 -4.663387e-04
    corona -0.001652864 0.0015733018 0.0004897281 1.867708e-04
    deusventrue 0.001552775 0.0007706329 -0.0014164476 1.463377e-03
     C6 C7 C8 C9
    brahma -3.994402e-03 3.268582e-03 0.0004792269 -0.0013218613
    caney 4.699805e-04 2.518166e-04 0.0006300072 0.0004837212
    chimay -7.424827e-05 -8.096453e-05 0.0009946667 -0.0005660053
    corona 6.888736e-04 3.145355e-04 0.0005189042 0.0003419355
    deusventrue 9.055123e-04 -2.834923e-04 -0.0014439096 0.0000514921
     C10 C11 C12 D1 D2
    brahma 7.225736e-04 2.052451e-04 1.666890e-04 0.2937120 -0.04602927
    caney -3.443095e-04 1.349160e-04 4.336526e-06 0.3046235 -0.07069129
    chimay 2.292011e-04 3.851391e-04 -2.066153e-05 0.4156841 -0.09356117
    corona -4.427112e-05 5.053095e-04 2.703064e-04 0.2745921 -0.05755121
    deusventrue 4.983572e-04 -8.471361e-05 3.773608e-04 0.3149661 -0.11964363
     D3 D4 D5 D6 D7
    brahma 0.05240292 -0.03576859 0.03999516 0.011569168 0.015445729
    caney 0.05062805 -0.01140063 0.04383297 0.004485691 0.009597789
    chimay 0.04692603 -0.01924944 0.03965332 0.017317438 0.010444458
    corona 0.05150878 -0.01125295 0.03689351 -0.004664986 0.009465002
    deusventrue 0.05529900 0.00713506 0.03861865 -0.000877051 0.013569192
     D8 D9 D10 D11 D12
    brahma 0.0013278090 0.001786017 0.006789017 0.0048196384 0.007143143
    caney 0.0016029758 0.008245971 0.011464283 0.0039468981 0.003663644
    chimay 0.0104067305 0.002640455 0.012590865 0.0018154608 0.002625857
    corona 0.0001838085 0.012073032 0.008346831 0.0027556006 0.002567053
    deusventrue 0.0076757796 0.003474570 0.006022626 0.0007085549 0.005811255
    >
    > #setters
    > bot.f[1] <- 1:48
    > bot.f[1]
     A1 A2 A3 A4 A5 A6 A7 A8 A9 A10 A11 A12 B1 B2 B3 B4 B5 B6 B7 B8
     1 2 3 4 5 6 7 8 9 10 11 12 13 14 15 16 17 18 19 20
     B9 B10 B11 B12 C1 C2 C3 C4 C5 C6 C7 C8 C9 C10 C11 C12 D1 D2 D3 D4
     21 22 23 24 25 26 27 28 29 30 31 32 33 34 35 36 37 38 39 40
     D5 D6 D7 D8 D9 D10 D11 D12
     41 42 43 44 45 46 47 48
    >
    > bot.f[1:5] <- matrix(1:48, nrow=5, ncol=48, byrow=TRUE)
    > bot.f[1:5]
     A1 A2 A3 A4 A5 A6 A7 A8 A9 A10 A11 A12 B1 B2 B3 B4 B5 B6 B7 B8 B9
    brahma 1 2 3 4 5 6 7 8 9 10 11 12 13 14 15 16 17 18 19 20 21
    caney 1 2 3 4 5 6 7 8 9 10 11 12 13 14 15 16 17 18 19 20 21
    chimay 1 2 3 4 5 6 7 8 9 10 11 12 13 14 15 16 17 18 19 20 21
    corona 1 2 3 4 5 6 7 8 9 10 11 12 13 14 15 16 17 18 19 20 21
    deusventrue 1 2 3 4 5 6 7 8 9 10 11 12 13 14 15 16 17 18 19 20 21
     B10 B11 B12 C1 C2 C3 C4 C5 C6 C7 C8 C9 C10 C11 C12 D1 D2 D3 D4 D5
    brahma 22 23 24 25 26 27 28 29 30 31 32 33 34 35 36 37 38 39 40 41
    caney 22 23 24 25 26 27 28 29 30 31 32 33 34 35 36 37 38 39 40 41
    chimay 22 23 24 25 26 27 28 29 30 31 32 33 34 35 36 37 38 39 40 41
    corona 22 23 24 25 26 27 28 29 30 31 32 33 34 35 36 37 38 39 40 41
    deusventrue 22 23 24 25 26 27 28 29 30 31 32 33 34 35 36 37 38 39 40 41
     D6 D7 D8 D9 D10 D11 D12
    brahma 42 43 44 45 46 47 48
    caney 42 43 44 45 46 47 48
    chimay 42 43 44 45 46 47 48
    corona 42 43 44 45 46 47 48
    deusventrue 42 43 44 45 46 47 48
    >
    > # An illustration of Momocs desing. See also browseVignettes("Momocs")
    > op <- opoly(olea, 5)
    'nb.pts' missing and set to 91
    Error in call[[1L]] : object of type 'symbol' is not subsettable
    Calls: opoly ... model.frame.default -> makepredictcall -> makepredictcall.poly -> eval
    Execution halted
Flavor: r-devel-linux-x86_64-debian-gcc

Version: 1.2.9
Check: tests
Result: ERROR
     Running ‘testthat.R’ [3s/5s]
    Running the tests in ‘tests/testthat.R’ failed.
    Complete output:
     > library(testthat)
     > library(Momocs)
     This is Momocs 1.2.9
    
     Attaching package: 'Momocs'
    
     The following object is masked from 'package:stats':
    
     filter
    
     >
     > test_check("Momocs")
     99%
     10
     ── 1. Error: as_df converts all classes to data.frames (@test-babel-bridges.R#56
     object of type 'symbol' is not subsettable
     1: olea %>% npoly(3, nb.pts = 40) at testthat/test-babel-bridges.R:56
     2: withVisible(eval(quote(`_fseq`(`_lhs`)), env, env))
     3: eval(quote(`_fseq`(`_lhs`)), env, env)
     4: eval(quote(`_fseq`(`_lhs`)), env, env)
     5: `_fseq`(`_lhs`)
     6: freduce(value, `_function_list`)
     7: withVisible(function_list[[k]](value))
     8: function_list[[k]](value)
     9: npoly(., 3, nb.pts = 40)
     10: npoly.Opn(., 3, nb.pts = 40)
     11: npoly(coo[[i]], degree = degree)
     12: npoly.default(coo[[i]], degree = degree)
     13: lm(coo[, 2] ~ x)
     14: eval(mf, parent.frame())
     15: eval(mf, parent.frame())
     16: stats::model.frame(formula = coo[, 2] ~ x, drop.unused.levels = TRUE)
     17: model.frame.default(formula = coo[, 2] ~ x, drop.unused.levels = TRUE)
     18: makepredictcall(variables[[i]], vars[[i + 1L]])
     19: makepredictcall.poly(variables[[i]], vars[[i + 1L]])
     20: eval(call[[1L]])
    
     * Extracting 1 ..txt coordinates...
     * Extracting 12 ..txt coordinates...
     * Extracting 12 ..txt coordinates...
     [ 1 / 2 ] beer_chimay.jpg
     [ 2 / 2 ] whisky_jb.jpg
     ══ testthat results ═══════════════════════════════════════════════════════════
     OK: 175 SKIPPED: 0 FAILED: 1
     1. Error: as_df converts all classes to data.frames (@test-babel-bridges.R#56)
    
     Error: testthat unit tests failed
     Execution halted
Flavor: r-devel-linux-x86_64-debian-gcc