Last updated on 2018-04-29 01:47:12 CEST.
Flavor | Version | Tinstall | Tcheck | Ttotal | Status | Flags |
---|---|---|---|---|---|---|
r-devel-linux-x86_64-debian-clang | 0.1.0 | 12.36 | 85.75 | 98.11 | OK | |
r-devel-linux-x86_64-debian-gcc | 0.1.0 | 10.55 | 76.16 | 86.71 | OK | |
r-devel-linux-x86_64-fedora-clang | 0.1.0 | 74.86 | WARN | |||
r-devel-linux-x86_64-fedora-gcc | 0.1.0 | 113.88 | WARN | |||
r-devel-windows-ix86+x86_64 | 0.1.0 | 25.00 | 175.00 | 200.00 | NOTE | |
r-patched-linux-x86_64 | 0.1.0 | 11.72 | 83.75 | 95.47 | OK | |
r-patched-solaris-x86 | 0.1.0 | 162.10 | WARN | |||
r-release-linux-x86_64 | 0.1.0 | 13.72 | 87.22 | 100.94 | OK | |
r-release-windows-ix86+x86_64 | 0.1.0 | 25.00 | 175.00 | 200.00 | NOTE | |
r-release-osx-x86_64 | 0.1.0 | NOTE | ||||
r-oldrel-windows-ix86+x86_64 | 0.1.0 | 21.00 | 174.00 | 195.00 | NOTE | |
r-oldrel-osx-x86_64 | 0.1.0 | NOTE |
Version: 0.1.0
Check: installed package size
Result: NOTE
installed size is 5.1Mb
sub-directories of 1Mb or more:
data 4.6Mb
Flavors: r-devel-linux-x86_64-fedora-clang, r-devel-linux-x86_64-fedora-gcc, r-devel-windows-ix86+x86_64, r-patched-solaris-x86, r-release-windows-ix86+x86_64, r-release-osx-x86_64, r-oldrel-windows-ix86+x86_64, r-oldrel-osx-x86_64
Version: 0.1.0
Check: re-building of vignette outputs
Result: WARN
Error in re-building vignettes:
...
Quitting from lines 52-55 (Report.Rmd)
Error: processing vignette 'Report.Rmd' failed with diagnostics:
lexical error: invalid char in json text.
<!DOCTYPE html PUBLIC "-//W3C//
(right here) ------^
Execution halted
Flavors: r-devel-linux-x86_64-fedora-clang, r-devel-linux-x86_64-fedora-gcc
Version: 0.1.0
Check: re-building of vignette outputs
Result: WARN
Error in re-building vignettes:
...
Warning in engine$weave(file, quiet = quiet, encoding = enc) :
Pandoc (>= 1.12.3) and/or pandoc-citeproc not available. Falling back to R Markdown v1.
Quitting from lines 52-55 (Report.Rmd)
Error: processing vignette 'Report.Rmd' failed with diagnostics:
lexical error: invalid char in json text.
<!DOCTYPE html PUBLIC "-//W3C//
(right here) ------^
Execution halted
Flavor: r-patched-solaris-x86