Last updated on 2018-04-29 01:47:12 CEST.
Flavor | Version | Tinstall | Tcheck | Ttotal | Status | Flags |
---|---|---|---|---|---|---|
r-devel-linux-x86_64-debian-clang | 0.6.5 | 10.23 | 47.03 | 57.26 | OK | |
r-devel-linux-x86_64-debian-gcc | 0.6.5 | 7.45 | 44.47 | 51.92 | OK | |
r-devel-linux-x86_64-fedora-clang | 0.6.5 | 66.19 | NOTE | |||
r-devel-linux-x86_64-fedora-gcc | 0.6.5 | 65.14 | NOTE | |||
r-devel-windows-ix86+x86_64 | 0.6.5 | 30.00 | 120.00 | 150.00 | OK | |
r-patched-linux-x86_64 | 0.6.5 | 8.57 | 46.07 | 54.64 | OK | |
r-patched-solaris-x86 | 0.6.5 | 108.30 | NOTE | |||
r-release-linux-x86_64 | 0.6.5 | 8.06 | 45.74 | 53.80 | OK | |
r-release-windows-ix86+x86_64 | 0.6.5 | 30.00 | 120.00 | 150.00 | OK | |
r-release-osx-x86_64 | 0.6.5 | NOTE | ||||
r-oldrel-windows-ix86+x86_64 | 0.6.5 | 20.00 | 90.00 | 110.00 | OK | |
r-oldrel-osx-x86_64 | 0.6.5 | NOTE |
Version: 0.6.5
Check: data for non-ASCII characters
Result: NOTE
Note: found 395 marked UTF-8 strings
Flavors: r-devel-linux-x86_64-fedora-clang, r-devel-linux-x86_64-fedora-gcc, r-patched-solaris-x86, r-release-osx-x86_64, r-oldrel-osx-x86_64