CRAN Package Check Results for Package OjaNP

Last updated on 2018-04-29 01:47:12 CEST.

Flavor Version Tinstall Tcheck Ttotal Status Flags
r-devel-linux-x86_64-debian-clang 0.9-9 60.73 73.83 134.56 WARN
r-devel-linux-x86_64-debian-gcc 0.9-9 47.44 65.31 112.75 NOTE
r-devel-linux-x86_64-fedora-clang 0.9-9 193.25 NOTE
r-devel-linux-x86_64-fedora-gcc 0.9-9 155.76 NOTE
r-devel-windows-ix86+x86_64 0.9-9 145.00 181.00 326.00 OK
r-patched-linux-x86_64 0.9-9 57.53 73.29 130.82 NOTE
r-patched-solaris-x86 0.9-9 186.40 OK
r-release-linux-x86_64 0.9-9 60.22 72.02 132.24 NOTE
r-release-windows-ix86+x86_64 0.9-9 145.00 181.00 326.00 OK
r-release-osx-x86_64 0.9-9 WARN
r-oldrel-windows-ix86+x86_64 0.9-9 126.00 111.00 237.00 OK
r-oldrel-osx-x86_64 0.9-9 OK

Additional issues

gcc-UBSAN valgrind

Check Details

Version: 0.9-9
Check: whether package can be installed
Result: WARN
    Found the following significant warnings:
     ./MersenneTwister.h:187:2: warning: 'register' storage class specifier is deprecated and incompatible with C++17 [-Wdeprecated-register]
     ./MersenneTwister.h:232:2: warning: 'register' storage class specifier is deprecated and incompatible with C++17 [-Wdeprecated-register]
     ./MersenneTwister.h:233:2: warning: 'register' storage class specifier is deprecated and incompatible with C++17 [-Wdeprecated-register]
     ./MersenneTwister.h:234:2: warning: 'register' storage class specifier is deprecated and incompatible with C++17 [-Wdeprecated-register]
     ./MersenneTwister.h:269:3: warning: 'register' storage class specifier is deprecated and incompatible with C++17 [-Wdeprecated-register]
     ./MersenneTwister.h:270:3: warning: 'register' storage class specifier is deprecated and incompatible with C++17 [-Wdeprecated-register]
     ./MersenneTwister.h:271:3: warning: 'register' storage class specifier is deprecated and incompatible with C++17 [-Wdeprecated-register]
     ./MersenneTwister.h:289:2: warning: 'register' storage class specifier is deprecated and incompatible with C++17 [-Wdeprecated-register]
     ./MersenneTwister.h:290:2: warning: 'register' storage class specifier is deprecated and incompatible with C++17 [-Wdeprecated-register]
     ./MersenneTwister.h:291:2: warning: 'register' storage class specifier is deprecated and incompatible with C++17 [-Wdeprecated-register]
     ./MersenneTwister.h:305:2: warning: 'register' storage class specifier is deprecated and incompatible with C++17 [-Wdeprecated-register]
     ./MersenneTwister.h:306:2: warning: 'register' storage class specifier is deprecated and incompatible with C++17 [-Wdeprecated-register]
     ./MersenneTwister.h:345:2: warning: 'register' storage class specifier is deprecated and incompatible with C++17 [-Wdeprecated-register]
     ./MersenneTwister.h:346:2: warning: 'register' storage class specifier is deprecated and incompatible with C++17 [-Wdeprecated-register]
     ./MersenneTwister.h:347:2: warning: 'register' storage class specifier is deprecated and incompatible with C++17 [-Wdeprecated-register]
     ./MersenneTwister.h:355:2: warning: 'register' storage class specifier is deprecated and incompatible with C++17 [-Wdeprecated-register]
     ./MersenneTwister.h:356:2: warning: 'register' storage class specifier is deprecated and incompatible with C++17 [-Wdeprecated-register]
     ./MersenneTwister.h:357:2: warning: 'register' storage class specifier is deprecated and incompatible with C++17 [-Wdeprecated-register]
     ./MersenneTwister.h:366:2: warning: 'register' storage class specifier is deprecated and incompatible with C++17 [-Wdeprecated-register]
     ./MersenneTwister.h:367:2: warning: 'register' storage class specifier is deprecated and incompatible with C++17 [-Wdeprecated-register]
     ./MersenneTwister.h:375:2: warning: 'register' storage class specifier is deprecated and incompatible with C++17 [-Wdeprecated-register]
     ./MersenneTwister.h:376:2: warning: 'register' storage class specifier is deprecated and incompatible with C++17 [-Wdeprecated-register]
Flavors: r-devel-linux-x86_64-debian-clang, r-release-osx-x86_64

Version: 0.9-9
Check: compiled code
Result: NOTE
    File ‘OjaNP/libs/OjaNP.so’:
     Found no calls to: ‘R_registerRoutines’, ‘R_useDynamicSymbols’
    
    It is good practice to register native routines and to disable symbol
    search.
    
    See ‘Writing portable packages’ in the ‘Writing R Extensions’ manual.
Flavors: r-devel-linux-x86_64-debian-clang, r-devel-linux-x86_64-debian-gcc, r-devel-linux-x86_64-fedora-clang, r-devel-linux-x86_64-fedora-gcc, r-patched-linux-x86_64, r-release-linux-x86_64