CRAN Package Check Results for Package PBSmapping

Last updated on 2018-04-29 01:47:14 CEST.

Flavor Version Tinstall Tcheck Ttotal Status Flags
r-devel-linux-x86_64-debian-clang 2.70.4 16.60 68.32 84.92 OK
r-devel-linux-x86_64-debian-gcc 2.70.4 14.80 53.87 68.67 OK
r-devel-linux-x86_64-fedora-clang 2.70.4 107.67 NOTE
r-devel-linux-x86_64-fedora-gcc 2.70.4 101.10 NOTE
r-devel-windows-ix86+x86_64 2.70.4 60.00 141.00 201.00 NOTE
r-patched-linux-x86_64 2.70.4 18.34 66.84 85.18 OK
r-patched-solaris-x86 2.70.4 131.20 NOTE
r-release-linux-x86_64 2.70.4 18.39 67.19 85.58 OK
r-release-windows-ix86+x86_64 2.70.4 60.00 141.00 201.00 NOTE
r-release-osx-x86_64 2.70.4 NOTE
r-oldrel-windows-ix86+x86_64 2.70.4 32.00 103.00 135.00 NOTE
r-oldrel-osx-x86_64 2.70.4 NOTE

Check Details

Version: 2.70.4
Check: installed package size
Result: NOTE
     installed size is 6.5Mb
     sub-directories of 1Mb or more:
     data 2.7Mb
     doc 1.1Mb
     libs 1.2Mb
Flavors: r-devel-linux-x86_64-fedora-clang, r-devel-linux-x86_64-fedora-gcc, r-devel-windows-ix86+x86_64, r-patched-solaris-x86, r-release-windows-ix86+x86_64, r-release-osx-x86_64, r-oldrel-windows-ix86+x86_64, r-oldrel-osx-x86_64