Last updated on 2018-04-29 01:47:14 CEST.
Flavor | Version | Tinstall | Tcheck | Ttotal | Status | Flags |
---|---|---|---|---|---|---|
r-devel-linux-x86_64-debian-clang | 1.5.2 | 21.15 | 259.45 | 280.60 | NOTE | |
r-devel-linux-x86_64-debian-gcc | 1.5.2 | 15.43 | 195.94 | 211.37 | NOTE | |
r-devel-linux-x86_64-fedora-clang | 1.5.2 | 334.92 | NOTE | |||
r-devel-linux-x86_64-fedora-gcc | 1.5.2 | 328.27 | NOTE | |||
r-devel-windows-ix86+x86_64 | 1.5.2 | 45.00 | 297.00 | 342.00 | OK | --no-vignettes |
r-patched-linux-x86_64 | 1.5.2 | 19.06 | 261.19 | 280.25 | NOTE | |
r-patched-solaris-x86 | 1.5.2 | 472.70 | NOTE | |||
r-release-linux-x86_64 | 1.5.2 | 18.70 | 255.58 | 274.28 | NOTE | |
r-release-windows-ix86+x86_64 | 1.5.2 | 45.00 | 297.00 | 342.00 | OK | --no-vignettes |
r-release-osx-x86_64 | 1.5.2 | OK | ||||
r-oldrel-windows-ix86+x86_64 | 1.5.2 | 22.00 | 411.00 | 433.00 | OK | --no-vignettes |
r-oldrel-osx-x86_64 | 1.5.2 | OK |
Version: 1.5.2
Check: S3 generic/method consistency
Result: NOTE
Found the following apparent S3 methods exported but not registered:
mean.LCL mean.UCL mean.geometric mean.stderr
See section ‘Registering S3 methods’ in the ‘Writing R Extensions’
manual.
Flavors: r-devel-linux-x86_64-debian-clang, r-devel-linux-x86_64-debian-gcc, r-devel-linux-x86_64-fedora-clang, r-devel-linux-x86_64-fedora-gcc, r-patched-linux-x86_64, r-patched-solaris-x86, r-release-linux-x86_64