Last updated on 2018-04-29 01:47:14 CEST.
Flavor | Version | Tinstall | Tcheck | Ttotal | Status | Flags |
---|---|---|---|---|---|---|
r-devel-linux-x86_64-debian-clang | 0.2.0 | 22.44 | 160.57 | 183.01 | OK | |
r-devel-linux-x86_64-debian-gcc | 0.2.0 | 17.63 | 138.33 | 155.96 | OK | |
r-devel-linux-x86_64-fedora-clang | 0.2.0 | 226.20 | NOTE | |||
r-devel-linux-x86_64-fedora-gcc | 0.2.0 | 217.47 | NOTE | |||
r-devel-windows-ix86+x86_64 | 0.2.0 | 62.00 | 303.00 | 365.00 | OK | |
r-patched-linux-x86_64 | 0.2.0 | 20.82 | 159.51 | 180.33 | OK | |
r-patched-solaris-x86 | 0.2.0 | 255.40 | NOTE | |||
r-release-linux-x86_64 | 0.2.0 | 20.01 | 157.74 | 177.75 | OK | |
r-release-windows-ix86+x86_64 | 0.2.0 | 62.00 | 303.00 | 365.00 | OK | |
r-release-osx-x86_64 | 0.2.0 | NOTE | ||||
r-oldrel-windows-ix86+x86_64 | 0.2.0 | 40.00 | 230.00 | 270.00 | OK | |
r-oldrel-osx-x86_64 | 0.2.0 | NOTE |
Version: 0.2.0
Check: dependencies in R code
Result: NOTE
Namespace in Imports field not imported from: ‘ggplot2’
All declared Imports should be used.
Flavors: r-devel-linux-x86_64-fedora-clang, r-devel-linux-x86_64-fedora-gcc, r-patched-solaris-x86, r-release-osx-x86_64, r-oldrel-osx-x86_64