Last updated on 2018-04-29 01:47:15 CEST.
Flavor | Version | Tinstall | Tcheck | Ttotal | Status | Flags |
---|---|---|---|---|---|---|
r-devel-linux-x86_64-debian-clang | 0.1.0 | 3.79 | 56.00 | 59.79 | OK | |
r-devel-linux-x86_64-debian-gcc | 0.1.0 | 4.51 | 50.84 | 55.35 | OK | |
r-devel-linux-x86_64-fedora-clang | 0.1.0 | 74.60 | NOTE | |||
r-devel-linux-x86_64-fedora-gcc | 0.1.0 | 73.10 | NOTE | |||
r-devel-windows-ix86+x86_64 | 0.1.0 | 13.00 | 86.00 | 99.00 | OK | |
r-patched-linux-x86_64 | 0.1.0 | 5.70 | 54.92 | 60.62 | OK | |
r-patched-solaris-x86 | 0.1.0 | 114.40 | NOTE | |||
r-release-linux-x86_64 | 0.1.0 | 5.55 | 55.35 | 60.90 | OK | |
r-release-windows-ix86+x86_64 | 0.1.0 | 13.00 | 86.00 | 99.00 | OK | |
r-release-osx-x86_64 | 0.1.0 | NOTE | ||||
r-oldrel-windows-ix86+x86_64 | 0.1.0 | 7.00 | 63.00 | 70.00 | OK | |
r-oldrel-osx-x86_64 | 0.1.0 | NOTE |
Version: 0.1.0
Check: dependencies in R code
Result: NOTE
Namespaces in Imports field not imported from:
‘MASS’ ‘Matrix’ ‘RColorBrewer’ ‘arm’ ‘epiDisplay’ ‘foreign’ ‘gbm’
‘grid’ ‘lattice’ ‘latticeExtra’ ‘lme4’ ‘nnet’ ‘parallel’ ‘splines’
‘survey’ ‘twang’ ‘xtable’
All declared Imports should be used.
Flavors: r-devel-linux-x86_64-fedora-clang, r-devel-linux-x86_64-fedora-gcc, r-patched-solaris-x86, r-release-osx-x86_64, r-oldrel-osx-x86_64