CRAN Package Check Results for Package PortfolioOptim

Last updated on 2018-04-29 01:47:15 CEST.

Flavor Version Tinstall Tcheck Ttotal Status Flags
r-devel-linux-x86_64-debian-clang 1.0.3 1.33 20.97 22.30 OK
r-devel-linux-x86_64-debian-gcc 1.0.3 1.22 17.25 18.47 OK
r-devel-linux-x86_64-fedora-clang 1.0.3 27.28 OK
r-devel-linux-x86_64-fedora-gcc 1.0.3 25.31 OK
r-devel-windows-ix86+x86_64 1.0.3 6.00 91.00 97.00 OK
r-patched-linux-x86_64 1.0.3 1.46 20.59 22.05 OK
r-patched-solaris-x86 1.0.3 42.60 OK
r-release-linux-x86_64 1.0.3 1.39 20.77 22.16 OK
r-release-windows-ix86+x86_64 1.0.3 6.00 91.00 97.00 OK
r-release-osx-x86_64 1.0.3 ERROR
r-oldrel-windows-ix86+x86_64 1.0.3 2.00 29.00 31.00 OK
r-oldrel-osx-x86_64 1.0.3 ERROR

Check Details

Version: 1.0.3
Check: package dependencies
Result: ERROR
    Package required but not available: ‘Rglpk’
    
    See section ‘The DESCRIPTION file’ in the ‘Writing R Extensions’
    manual.
Flavors: r-release-osx-x86_64, r-oldrel-osx-x86_64