CRAN Package Check Results for Package ProFit

Last updated on 2018-04-29 01:47:15 CEST.

Flavor Version Tinstall Tcheck Ttotal Status Flags
r-devel-linux-x86_64-debian-clang 1.1.1 58.76 194.66 253.42 OK
r-devel-linux-x86_64-debian-gcc 1.1.1 48.33 131.13 179.46 OK
r-devel-linux-x86_64-fedora-clang 1.1.1 299.24 NOTE
r-devel-linux-x86_64-fedora-gcc 1.1.1 278.51 NOTE
r-devel-windows-ix86+x86_64 1.1.1 128.00 300.00 428.00 NOTE
r-patched-linux-x86_64 1.1.1 61.18 186.48 247.66 OK
r-patched-solaris-x86 1.1.1 296.30 NOTE
r-release-linux-x86_64 1.1.1 58.38 187.14 245.52 OK
r-release-windows-ix86+x86_64 1.1.1 128.00 300.00 428.00 NOTE
r-release-osx-x86_64 1.1.1 ERROR
r-oldrel-windows-ix86+x86_64 1.1.1 89.00 273.00 362.00 NOTE
r-oldrel-osx-x86_64 1.1.1 ERROR

Check Details

Version: 1.1.1
Check: installed package size
Result: NOTE
     installed size is 13.6Mb
     sub-directories of 1Mb or more:
     doc 1.2Mb
     extdata 6.4Mb
     libs 5.6Mb
Flavors: r-devel-linux-x86_64-fedora-clang, r-devel-linux-x86_64-fedora-gcc, r-devel-windows-ix86+x86_64, r-patched-solaris-x86, r-release-windows-ix86+x86_64, r-release-osx-x86_64, r-oldrel-windows-ix86+x86_64, r-oldrel-osx-x86_64

Version: 1.1.1
Check: examples
Result: ERROR
    Running examples in ‘ProFit-Ex.R’ failed
    The error most likely occurred in:
    
    > ### Name: profitBenchmarkResultStripPointers
    > ### Title: Return a copy of a data.frame with pointers converted to strings
    > ### for easy printing
    > ### Aliases: profitBenchmarkResultStripPointers
    > ### Keywords: data
    >
    > ### ** Examples
    >
    > openclenvs = profitGetOpenCLEnvs(make.envs=TRUE)
    > print(profitBenchmarkResultStripPointers(openclenvs))
    
     *** caught segfault ***
    address 0x60, cause 'memory not mapped'
    An irrecoverable exception occurred. R is aborting now ...
Flavor: r-release-osx-x86_64

Version: 1.1.1
Check: examples
Result: ERROR
    Running examples in ‘ProFit-Ex.R’ failed
    The error most likely occurred in:
    
    > ### Name: profitBruteConv
    > ### Title: Low level brute force image convolution
    > ### Aliases: profitBruteConv
    > ### Keywords: PSF convolve convolution
    >
    > ### ** Examples
    >
    > model = list(
    + sersic = list(
    + xcen = c(180, 60),
    + ycen = c(90, 10),
    + mag = c(15, 13),
    + re = c(14, 5),
    + nser = c(3, 10),
    + ang = c(46, 80),
    + axrat = c(0.4, 0.6),
    + box = c(0.5,-0.5)
    + )
    + )
    >
    > model.image=profitMakeModel(model=model, dim=c(200,200))$z
    >
    > # Without convolution:
    >
    > magimage(model.image)
    
     *** caught segfault ***
    address 0x60, cause 'memory not mapped'
    An irrecoverable exception occurred. R is aborting now ...
Flavor: r-oldrel-osx-x86_64