CRAN Package Check Results for Package QZ

Last updated on 2018-04-29 01:47:16 CEST.

Flavor Version Tinstall Tcheck Ttotal Status Flags
r-devel-linux-x86_64-debian-clang 0.1-6 13.95 62.11 76.06 OK
r-devel-linux-x86_64-debian-gcc 0.1-6 10.85 56.18 67.03 OK
r-devel-linux-x86_64-fedora-clang 0.1-6 93.70 OK
r-devel-linux-x86_64-fedora-gcc 0.1-6 90.07 OK
r-devel-windows-ix86+x86_64 0.1-6 70.00 132.00 202.00 OK
r-patched-linux-x86_64 0.1-6 12.50 61.95 74.45 OK
r-patched-solaris-x86 0.1-6 136.10 OK
r-release-linux-x86_64 0.1-6 11.97 61.48 73.45 OK
r-release-windows-ix86+x86_64 0.1-6 70.00 132.00 202.00 OK
r-release-osx-x86_64 0.1-6 OK
r-oldrel-windows-ix86+x86_64 0.1-6 52.00 131.00 183.00 OK
r-oldrel-osx-x86_64 0.1-6 WARN

Check Details

Version: 0.1-6
Check: re-building of vignette outputs
Result: WARN
    Error in re-building vignettes:
     ...
    Error in texi2dvi(file = file, pdf = TRUE, clean = clean, quiet = quiet, :
     Running 'texi2dvi' on 'QZ-guide.tex' failed.
    LaTeX errors:
    ! LaTeX Error: File `a4wide.sty' not found.
    
    Type X to quit or <RETURN> to proceed,
    or enter new name. (Default extension: sty)
    
    ! Emergency stop.
    <read *>
    
    l.72 \RequirePackage
     [T1]{fontenc}^^M
    ! ==> Fatal error occurred, no output PDF file produced!
    Calls: buildVignettes -> texi2pdf -> texi2dvi
    Execution halted
Flavor: r-oldrel-osx-x86_64