Last updated on 2018-04-29 01:47:19 CEST.
Flavor | Version | Tinstall | Tcheck | Ttotal | Status | Flags |
---|---|---|---|---|---|---|
r-devel-linux-x86_64-debian-clang | 0.9.1 | 15.26 | 103.12 | 118.38 | NOTE | |
r-devel-linux-x86_64-debian-gcc | 0.9.1 | 17.57 | 91.56 | 109.13 | NOTE | |
r-devel-linux-x86_64-fedora-clang | 0.9.1 | 150.63 | NOTE | |||
r-devel-linux-x86_64-fedora-gcc | 0.9.1 | 148.99 | NOTE | |||
r-devel-windows-ix86+x86_64 | 0.9.1 | 35.00 | 144.00 | 179.00 | NOTE | |
r-patched-linux-x86_64 | 0.9.1 | 18.22 | 101.76 | 119.98 | NOTE | |
r-patched-solaris-x86 | 0.9.1 | 199.40 | NOTE | |||
r-release-linux-x86_64 | 0.9.1 | 18.06 | 102.99 | 121.05 | NOTE | |
r-release-windows-ix86+x86_64 | 0.9.1 | 35.00 | 144.00 | 179.00 | NOTE | |
r-release-osx-x86_64 | 0.9.1 | NOTE | ||||
r-oldrel-windows-ix86+x86_64 | 0.9.1 | 28.00 | 111.00 | 139.00 | NOTE | |
r-oldrel-osx-x86_64 | 0.9.1 | NOTE |
Version: 0.9.1
Check: DESCRIPTION meta-information
Result: NOTE
Malformed Description field: should contain one or more complete sentences.
Flavors: r-devel-linux-x86_64-debian-clang, r-devel-linux-x86_64-debian-gcc, r-devel-linux-x86_64-fedora-clang, r-devel-linux-x86_64-fedora-gcc, r-devel-windows-ix86+x86_64, r-patched-linux-x86_64, r-patched-solaris-x86, r-release-linux-x86_64, r-release-windows-ix86+x86_64, r-release-osx-x86_64, r-oldrel-windows-ix86+x86_64, r-oldrel-osx-x86_64
Version: 0.9.1
Check: R code for possible problems
Result: NOTE
conv.Q : integrand.st: no visible global function definition for
‘pnorm’
conv.Q : integrand.n1: no visible global function definition for
‘pnorm’
conv.Q : prob.x : integrand.px: no visible global function definition
for ‘pnorm’
conv.Q: no visible global function definition for ‘fft’
conv.Q: no visible global function definition for ‘approxfun’
checkIC,CondIC-L2RegTypeFamily: no visible binding for global variable
‘TruncQuantile’
checkIC,CondIC-missing: no visible binding for global variable
‘TruncQuantile’
generateIC,Av1CondContNeighborhood-L2RegTypeFamily : <anonymous>: no
visible binding for global variable ‘zi’
generateIC,Av1CondContNeighborhood-L2RegTypeFamily : <anonymous>: no
visible global function definition for ‘Yi’
generateIC,Av1CondTotalVarNeighborhood-L2RegTypeFamily : <anonymous>:
no visible binding for global variable ‘A.vec’
generateIC,Av2CondContNeighborhood-L2RegTypeFamily : <anonymous>: no
visible binding for global variable ‘D.vec’
generateIC,Av2CondContNeighborhood-L2RegTypeFamily : <anonymous>: no
visible binding for global variable ‘K.vec’
generateIC,CondContNeighborhood-L2RegTypeFamily : <anonymous>: no
visible binding for global variable ‘zi’
generateIC,CondContNeighborhood-L2RegTypeFamily : <anonymous>: no
visible global function definition for ‘Yi’
generateIC,CondTotalVarNeighborhood-L2RegTypeFamily : <anonymous>: no
visible binding for global variable ‘A.vec’
generateIC,ContNeighborhood-L2RegTypeFamily : <anonymous>: no visible
binding for global variable ‘zi’
generateIC,ContNeighborhood-L2RegTypeFamily : <anonymous>: no visible
global function definition for ‘Yi’
getAsRiskRegTS,asBias-RealRandVariable-Distribution-Av1CondContNeighborhood:
no visible binding for global variable ‘b’
getAsRiskRegTS,asBias-RealRandVariable-Distribution-ContNeighborhood:
no visible global function definition for ‘optim’
getAsRiskRegTS,asBias-UnivariateDistribution-MultivariateDistribution-Av1CondContNeighborhood:
no visible global function definition for ‘optim’
getAsRiskRegTS,asBias-UnivariateDistribution-MultivariateDistribution-Av1CondTotalVarNeighborhood:
no visible global function definition for ‘optim’
getAsRiskRegTS,asBias-UnivariateDistribution-MultivariateDistribution-ContNeighborhood:
no visible global function definition for ‘optim’
getAsRiskRegTS,asBias-UnivariateDistribution-MultivariateDistribution-ContNeighborhood:
multiple local function definitions for ‘bmin.fct’ with different
formal arguments
getAsRiskRegTS,asBias-UnivariateDistribution-UnivariateDistribution-ContNeighborhood:
no visible global function definition for ‘optimize’
getAsRiskRegTS,asBias-UnivariateDistribution-UnivariateDistribution-ContNeighborhood:
no visible binding for global variable ‘upper’
getAsRiskRegTS,asUnOvShoot-UnivariateDistribution-UnivariateDistribution-CondNeighborhood:
no visible global function definition for ‘pnorm’
getAsRiskRegTS,asUnOvShoot-UnivariateDistribution-UnivariateDistribution-UncondNeighborhood:
no visible global function definition for ‘pnorm’
getFiRiskRegTS,fiUnOvShoot-Norm-UnivariateDistribution-CondContNeighborhood
: integrand.px: no visible global function definition for ‘pnorm’
getFiRiskRegTS,fiUnOvShoot-Norm-UnivariateDistribution-CondContNeighborhood:
no visible global function definition for ‘fft’
getFiRiskRegTS,fiUnOvShoot-Norm-UnivariateDistribution-CondTotalVarNeighborhood
: integrand.px: no visible global function definition for ‘pnorm’
getFiRiskRegTS,fiUnOvShoot-Norm-UnivariateDistribution-CondTotalVarNeighborhood:
no visible global function definition for ‘fft’
getFiRiskRegTS,fiUnOvShoot-Norm-UnivariateDistribution-ContNeighborhood
: integrand.d1: no visible global function definition for ‘pnorm’
getFiRiskRegTS,fiUnOvShoot-Norm-UnivariateDistribution-ContNeighborhood:
no visible global function definition for ‘dbinom’
getFiRiskRegTS,fiUnOvShoot-Norm-UnivariateDistribution-ContNeighborhood
: integrand.P1: no visible global function definition for ‘pnorm’
getFiRiskRegTS,fiUnOvShoot-Norm-UnivariateDistribution-ContNeighborhood:
no visible global function definition for ‘pbinom’
getFiRiskRegTS,fiUnOvShoot-Norm-UnivariateDistribution-ContNeighborhood
: integrand.d2: no visible global function definition for ‘pnorm’
getFiRiskRegTS,fiUnOvShoot-Norm-UnivariateDistribution-ContNeighborhood
: integrand.P2: no visible global function definition for ‘pnorm’
getFiRiskRegTS,fiUnOvShoot-Norm-UnivariateDistribution-ContNeighborhood
: integrand.px: no visible global function definition for ‘pnorm’
getFiRiskRegTS,fiUnOvShoot-Norm-UnivariateDistribution-ContNeighborhood:
no visible global function definition for ‘fft’
getFiRiskRegTS,fiUnOvShoot-Norm-UnivariateDistribution-TotalVarNeighborhood
: integrand.d11: no visible global function definition for ‘pnorm’
getFiRiskRegTS,fiUnOvShoot-Norm-UnivariateDistribution-TotalVarNeighborhood
: integrand.d12: no visible global function definition for ‘pnorm’
getFiRiskRegTS,fiUnOvShoot-Norm-UnivariateDistribution-TotalVarNeighborhood:
no visible global function definition for ‘dbinom’
getFiRiskRegTS,fiUnOvShoot-Norm-UnivariateDistribution-TotalVarNeighborhood
: integrand.P1: no visible global function definition for ‘pnorm’
getFiRiskRegTS,fiUnOvShoot-Norm-UnivariateDistribution-TotalVarNeighborhood:
no visible global function definition for ‘pbinom’
getFiRiskRegTS,fiUnOvShoot-Norm-UnivariateDistribution-TotalVarNeighborhood
: integrand.d21: no visible global function definition for ‘pnorm’
getFiRiskRegTS,fiUnOvShoot-Norm-UnivariateDistribution-TotalVarNeighborhood
: integrand.d22: no visible global function definition for ‘pnorm’
getFiRiskRegTS,fiUnOvShoot-Norm-UnivariateDistribution-TotalVarNeighborhood
: integrand.P2: no visible global function definition for ‘pnorm’
getFiRiskRegTS,fiUnOvShoot-Norm-UnivariateDistribution-TotalVarNeighborhood
: integrand.px: no visible global function definition for ‘pnorm’
getFiRiskRegTS,fiUnOvShoot-Norm-UnivariateDistribution-TotalVarNeighborhood:
no visible global function definition for ‘fft’
getFixClipRegTS,numeric-Norm-UnivariateDistribution-fiUnOvShoot-ContNeighborhood
: c0fct: no visible global function definition for ‘pnorm’
getFixClipRegTS,numeric-Norm-UnivariateDistribution-fiUnOvShoot-TotalVarNeighborhood
: c0fct: no visible global function definition for ‘pnorm’
getFixClipRegTS,numeric-Norm-numeric-fiUnOvShoot-CondContNeighborhood:
no visible global function definition for ‘pnorm’
getFixClipRegTS,numeric-Norm-numeric-fiUnOvShoot-CondTotalVarNeighborhood:
no visible global function definition for ‘pnorm’
getFixRobRegTypeIC,Norm-UnivariateDistribution-fiUnOvShoot-CondNeighborhood:
no visible global function definition for ‘pnorm’
getFixRobRegTypeIC,Norm-UnivariateDistribution-fiUnOvShoot-CondNeighborhood:
no visible global function definition for ‘uniroot’
getFixRobRegTypeIC,Norm-UnivariateDistribution-fiUnOvShoot-CondNeighborhood:
no visible global function definition for ‘approxfun’
getFixRobRegTypeIC,Norm-UnivariateDistribution-fiUnOvShoot-CondNeighborhood
: Afct: no visible global function definition for ‘pnorm’
getFixRobRegTypeIC,Norm-UnivariateDistribution-fiUnOvShoot-UncondNeighborhood
: <anonymous>: no visible global function definition for ‘pnorm’
getFixRobRegTypeIC,Norm-UnivariateDistribution-fiUnOvShoot-UncondNeighborhood:
no visible global function definition for ‘uniroot’
getFixRobRegTypeIC,Norm-UnivariateDistribution-fiUnOvShoot-UncondNeighborhood
: Afct: no visible global function definition for ‘pnorm’
getInfCentRegTS,RealRandVariable-Distribution-Av1CondContNeighborhood:
no visible global function definition for ‘approxfun’
getInfCentRegTS,UnivariateDistribution-Distribution-Av2CondContNeighborhood:
no visible global function definition for ‘uniroot’
getInfCentRegTS,UnivariateDistribution-MultivariateDistribution-Av1CondTotalVarNeighborhood
: z.fct: no visible binding for global variable ‘b’
getInfCentRegTS,UnivariateDistribution-MultivariateDistribution-Av1CondTotalVarNeighborhood
: zfun: no visible global function definition for ‘uniroot’
getInfCentRegTS,UnivariateDistribution-UnivariateDistribution-Av1CondContNeighborhood:
no visible global function definition for ‘approxfun’
getInfCentRegTS,UnivariateDistribution-UnivariateDistribution-Av1CondTotalVarNeighborhood
: z.fct: no visible binding for global variable ‘b’
getInfCentRegTS,UnivariateDistribution-UnivariateDistribution-Av1CondTotalVarNeighborhood
: zfun: no visible global function definition for ‘uniroot’
getInfCentRegTS,UnivariateDistribution-UnivariateDistribution-Av1CondTotalVarNeighborhood:
no visible global function definition for ‘approxfun’
getInfCentRegTS,UnivariateDistribution-UnivariateDistribution-TotalVarNeighborhood:
no visible global function definition for ‘uniroot’
getInfCentRegTS,UnivariateDistribution-UnivariateDistribution-TotalVarNeighborhood:
no visible binding for global variable ‘tol.z’
getInfCentRegTS,UnivariateDistribution-UnivariateDistribution-TotalVarNeighborhood:
no visible binding for global variable ‘D1’
getInfCentRegTS,UnivariateDistribution-numeric-CondTotalVarNeighborhood:
no visible binding for global variable ‘x’
getInfCentRegTS,UnivariateDistribution-numeric-CondTotalVarNeighborhood
: g.fct: no visible binding for global variable ‘b’
getInfCentRegTS,UnivariateDistribution-numeric-CondTotalVarNeighborhood:
no visible global function definition for ‘uniroot’
getInfCentRegTS,UnivariateDistribution-numeric-CondTotalVarNeighborhood:
no visible binding for global variable ‘tol.z’
getInfCentRegTS,UnivariateDistribution-numeric-CondTotalVarNeighborhood:
no visible binding for global variable ‘D1’
getInfClipRegTS,numeric-UnivariateDistribution-Distribution-asMSE-Av1CondTotalVarNeighborhood
: cent: no visible binding for global variable ‘b’
getInfGammaRegTS,UnivariateDistribution-MultivariateDistribution-asMSE-Av1CondContNeighborhood:
multiple local function definitions for ‘Gfct’ with different formal
arguments
getInfGammaRegTS,UnivariateDistribution-MultivariateDistribution-asMSE-ContNeighborhood:
multiple local function definitions for ‘Gfct’ with different formal
arguments
getInfRobRegTypeIC,RealRandVariable-Distribution-asBias-Av1CondContNeighborhood:
no visible binding for global variable ‘A’
getInfRobRegTypeIC,RealRandVariable-Distribution-asBias-Av1CondContNeighborhood:
no visible binding for global variable ‘a’
getInfRobRegTypeIC,RealRandVariable-Distribution-asBias-Av1CondContNeighborhood:
no visible binding for global variable ‘b’
getInfRobRegTypeIC,RealRandVariable-Distribution-asBias-Av1CondContNeighborhood:
no visible binding for global variable ‘Risk’
getInfRobRegTypeIC,RealRandVariable-Distribution-asBias-Av1CondContNeighborhood:
no visible binding for global variable ‘info’
getInfRobRegTypeIC,RealRandVariable-Distribution-asBias-ContNeighborhood:
no visible global function definition for ‘optim’
getInfRobRegTypeIC,RealRandVariable-Distribution-asGRisk-Av1CondContNeighborhood:
no visible global function definition for ‘uniroot’
getInfRobRegTypeIC,RealRandVariable-Distribution-asGRisk-ContNeighborhood:
no visible global function definition for ‘uniroot’
getInfRobRegTypeIC,UnivariateDistribution-Distribution-asGRisk-Av1CondContNeighborhood:
no visible global function definition for ‘uniroot’
getInfRobRegTypeIC,UnivariateDistribution-Distribution-asGRisk-Av1CondTotalVarNeighborhood:
no visible global function definition for ‘uniroot’
getInfRobRegTypeIC,UnivariateDistribution-Distribution-asGRisk-Av2CondContNeighborhood:
no visible global function definition for ‘uniroot’
getInfRobRegTypeIC,UnivariateDistribution-Distribution-asGRisk-ContNeighborhood:
no visible global function definition for ‘uniroot’
getInfRobRegTypeIC,UnivariateDistribution-MultivariateDistribution-asBias-Av1CondContNeighborhood:
no visible global function definition for ‘optim’
getInfRobRegTypeIC,UnivariateDistribution-MultivariateDistribution-asBias-Av1CondTotalVarNeighborhood:
no visible global function definition for ‘optim’
getInfRobRegTypeIC,UnivariateDistribution-MultivariateDistribution-asBias-ContNeighborhood:
no visible global function definition for ‘optim’
getInfRobRegTypeIC,UnivariateDistribution-MultivariateDistribution-asBias-ContNeighborhood:
multiple local function definitions for ‘bmin.fct’ with different
formal arguments
getInfRobRegTypeIC,UnivariateDistribution-UnivariateDistribution-asBias-ContNeighborhood:
no visible global function definition for ‘optimize’
getInfRobRegTypeIC,UnivariateDistribution-UnivariateDistribution-asUnOvShoot-CondNeighborhood:
no visible global function definition for ‘uniroot’
getInfRobRegTypeIC,UnivariateDistribution-UnivariateDistribution-asUnOvShoot-CondNeighborhood:
no visible global function definition for ‘approxfun’
getInfRobRegTypeIC,UnivariateDistribution-UnivariateDistribution-asUnOvShoot-UncondNeighborhood:
no visible global function definition for ‘uniroot’
getInfStandRegTS,UnivariateDistribution-MultivariateDistribution-Av1CondContNeighborhood:
multiple local function definitions for ‘Afct’ with different formal
arguments
getInfStandRegTS,UnivariateDistribution-MultivariateDistribution-ContNeighborhood:
multiple local function definitions for ‘Afct’ with different formal
arguments
leastFavorableRadius,L2RegTypeFamily-Neighborhood-asGRisk :
leastFavFct: no visible global function definition for ‘uniroot’
leastFavorableRadius,L2RegTypeFamily-Neighborhood-asGRisk :
leastFavFct: no visible binding for global variable ‘ineff’
leastFavorableRadius,L2RegTypeFamily-Neighborhood-asGRisk: no visible
global function definition for ‘optimize’
leastFavorableRadius,L2RegTypeFamily-Neighborhood-asGRisk: multiple
local function definitions for ‘leastFavFct’ with different formal
arguments
radiusMinimaxIC,L2RegTypeFamily-Neighborhood-asGRisk: no visible global
function definition for ‘uniroot’
radiusMinimaxIC,L2RegTypeFamily-Neighborhood-asGRisk: no visible
binding for global variable ‘ineff’
Undefined global functions or variables:
A A.vec D.vec D1 K.vec Risk TruncQuantile Yi a approxfun b dbinom fft
ineff info optim optimize pbinom pnorm tol.z uniroot upper x zi
Consider adding
importFrom("stats", "approxfun", "dbinom", "fft", "optim", "optimize",
"pbinom", "pnorm", "uniroot")
to your NAMESPACE file.
Flavors: r-devel-linux-x86_64-debian-clang, r-devel-linux-x86_64-debian-gcc, r-devel-linux-x86_64-fedora-clang, r-devel-linux-x86_64-fedora-gcc, r-devel-windows-ix86+x86_64, r-patched-linux-x86_64, r-patched-solaris-x86, r-release-linux-x86_64, r-release-windows-ix86+x86_64, r-release-osx-x86_64, r-oldrel-windows-ix86+x86_64, r-oldrel-osx-x86_64