Last updated on 2018-04-29 01:47:19 CEST.
Flavor | Version | Tinstall | Tcheck | Ttotal | Status | Flags |
---|---|---|---|---|---|---|
r-devel-linux-x86_64-debian-clang | 1.1.0 | 118.80 | 31.93 | 150.73 | OK | |
r-devel-linux-x86_64-debian-gcc | 1.1.0 | 89.97 | 27.94 | 117.91 | OK | |
r-devel-linux-x86_64-fedora-clang | 1.1.0 | 209.37 | NOTE | |||
r-devel-linux-x86_64-fedora-gcc | 1.1.0 | 176.91 | NOTE | |||
r-devel-windows-ix86+x86_64 | 1.1.0 | 693.00 | 127.00 | 820.00 | NOTE | |
r-patched-linux-x86_64 | 1.1.0 | 119.37 | 31.88 | 151.25 | OK | |
r-patched-solaris-x86 | 1.1.0 | 3.40 | ERROR | |||
r-release-linux-x86_64 | 1.1.0 | 119.27 | 31.93 | 151.20 | OK | |
r-release-windows-ix86+x86_64 | 1.1.0 | 693.00 | 127.00 | 820.00 | NOTE | |
r-release-osx-x86_64 | 1.1.0 | NOTE | ||||
r-oldrel-windows-ix86+x86_64 | 1.1.0 | 536.00 | 79.00 | 615.00 | NOTE | |
r-oldrel-osx-x86_64 | 1.1.0 | NOTE |
Version: 1.1.0
Check: dependencies in R code
Result: NOTE
Namespace in Imports field not imported from: ‘withr’
All declared Imports should be used.
Flavors: r-devel-linux-x86_64-fedora-clang, r-devel-linux-x86_64-fedora-gcc, r-release-osx-x86_64, r-oldrel-osx-x86_64
Version: 1.1.0
Check: installed package size
Result: NOTE
installed size is 6.0Mb
sub-directories of 1Mb or more:
libs 5.8Mb
Flavors: r-devel-windows-ix86+x86_64, r-release-windows-ix86+x86_64, r-oldrel-windows-ix86+x86_64
Version: 1.1.0
Check: whether package can be installed
Result: ERROR
Installation failed.
Flavor: r-patched-solaris-x86