Last updated on 2018-04-29 01:47:20 CEST.
Flavor | Version | Tinstall | Tcheck | Ttotal | Status | Flags |
---|---|---|---|---|---|---|
r-devel-linux-x86_64-debian-clang | 0.0.3 | 7.06 | 163.64 | 170.70 | OK | |
r-devel-linux-x86_64-debian-gcc | 0.0.3 | 6.63 | 132.21 | 138.84 | OK | |
r-devel-linux-x86_64-fedora-clang | 0.0.3 | 204.92 | OK | |||
r-devel-linux-x86_64-fedora-gcc | 0.0.3 | 197.14 | OK | |||
r-devel-windows-ix86+x86_64 | 0.0.3 | 22.00 | 252.00 | 274.00 | OK | |
r-patched-linux-x86_64 | 0.0.3 | 6.01 | 159.87 | 165.88 | OK | |
r-patched-solaris-x86 | 0.0.3 | 344.80 | NOTE | |||
r-release-linux-x86_64 | 0.0.3 | 7.67 | 159.09 | 166.76 | OK | |
r-release-windows-ix86+x86_64 | 0.0.3 | 22.00 | 252.00 | 274.00 | OK | |
r-release-osx-x86_64 | 0.0.3 | OK | ||||
r-oldrel-windows-ix86+x86_64 | 0.0.3 | 16.00 | 247.00 | 263.00 | OK | |
r-oldrel-osx-x86_64 | 0.0.3 | OK |
Version: 0.0.3
Check: installed package size
Result: NOTE
installed size is 5.0Mb
sub-directories of 1Mb or more:
extdata 4.4Mb
Flavor: r-patched-solaris-x86