Last updated on 2018-04-29 01:47:17 CEST.
Flavor | Version | Tinstall | Tcheck | Ttotal | Status | Flags |
---|---|---|---|---|---|---|
r-devel-linux-x86_64-debian-clang | 1.2.1 | 0.87 | 18.12 | 18.99 | OK | |
r-devel-linux-x86_64-debian-gcc | 1.2.1 | 0.77 | 15.30 | 16.07 | OK | |
r-devel-linux-x86_64-fedora-clang | 1.2.1 | 22.56 | OK | |||
r-devel-linux-x86_64-fedora-gcc | 1.2.1 | 21.51 | OK | |||
r-devel-windows-ix86+x86_64 | 1.2.1 | 8.00 | 42.00 | 50.00 | OK | |
r-patched-linux-x86_64 | 1.2.1 | 1.05 | 17.77 | 18.82 | OK | |
r-patched-solaris-x86 | 1.2.1 | 36.00 | OK | |||
r-release-linux-x86_64 | 1.2.1 | 0.82 | 17.78 | 18.60 | OK | |
r-release-windows-ix86+x86_64 | 1.2.1 | 8.00 | 42.00 | 50.00 | OK | |
r-release-osx-x86_64 | 1.2.1 | OK | ||||
r-oldrel-windows-ix86+x86_64 | 1.2.1 | 4.00 | 39.00 | 43.00 | OK | |
r-oldrel-osx-x86_64 | 1.2.1 | NOTE |
Version: 1.2.1
Check: package dependencies
Result: NOTE
Packages suggested but not available for checking: ‘git2r’ ‘devtools’
Flavor: r-oldrel-osx-x86_64