Last updated on 2018-04-29 01:47:17 CEST.
Flavor | Version | Tinstall | Tcheck | Ttotal | Status | Flags |
---|---|---|---|---|---|---|
r-devel-linux-x86_64-debian-clang | 1.1-46 | 13.12 | 109.27 | 122.39 | WARN | |
r-devel-linux-x86_64-debian-gcc | 1.1-46 | 12.06 | 104.45 | 116.51 | WARN | |
r-devel-linux-x86_64-fedora-clang | 1.1-46 | 154.35 | WARN | |||
r-devel-linux-x86_64-fedora-gcc | 1.1-46 | 150.55 | WARN | |||
r-devel-windows-ix86+x86_64 | 1.1-46 | 55.00 | 193.00 | 248.00 | WARN | |
r-patched-linux-x86_64 | 1.1-46 | 13.22 | 109.58 | 122.80 | WARN | |
r-patched-solaris-x86 | 1.1-46 | 237.00 | WARN | |||
r-release-linux-x86_64 | 1.1-46 | 13.30 | 110.79 | 124.09 | WARN | |
r-release-windows-ix86+x86_64 | 1.1-46 | 55.00 | 193.00 | 248.00 | WARN | |
r-release-osx-x86_64 | 1.1-46 | WARN | ||||
r-oldrel-windows-ix86+x86_64 | 1.1-46 | 43.00 | 141.00 | 184.00 | WARN | |
r-oldrel-osx-x86_64 | 1.1-46 | OK |
Version: 1.1-46
Check: Rd cross-references
Result: WARN
Missing link or links in documentation object 'Rcmdr.HH-package.Rd':
‘[car]{scatterplot.matrix}’
Missing link or links in documentation object 'scatterPlotMatrix.HH.Rd':
‘[car]{scatterplot.matrix}’
See section 'Cross-references' in the 'Writing R Extensions' manual.
Flavors: r-devel-linux-x86_64-debian-clang, r-devel-linux-x86_64-debian-gcc, r-devel-linux-x86_64-fedora-clang, r-devel-linux-x86_64-fedora-gcc, r-devel-windows-ix86+x86_64, r-patched-linux-x86_64, r-patched-solaris-x86, r-release-linux-x86_64, r-release-windows-ix86+x86_64, r-release-osx-x86_64, r-oldrel-windows-ix86+x86_64