Last updated on 2018-04-29 01:47:17 CEST.
Flavor | Version | Tinstall | Tcheck | Ttotal | Status | Flags |
---|---|---|---|---|---|---|
r-devel-linux-x86_64-debian-clang | 0.3.3.4.0 | 67.82 | 336.52 | 404.34 | OK | |
r-devel-linux-x86_64-debian-gcc | 0.3.3.4.0 | 55.47 | 263.36 | 318.83 | OK | |
r-devel-linux-x86_64-fedora-clang | 0.3.3.4.0 | 474.74 | NOTE | |||
r-devel-linux-x86_64-fedora-gcc | 0.3.3.4.0 | 448.42 | NOTE | |||
r-devel-windows-ix86+x86_64 | 0.3.3.4.0 | 152.00 | 704.00 | 856.00 | NOTE | |
r-patched-linux-x86_64 | 0.3.3.4.0 | 69.80 | 350.15 | 419.95 | OK | |
r-patched-solaris-x86 | 0.3.3.4.0 | 449.10 | NOTE | |||
r-release-linux-x86_64 | 0.3.3.4.0 | 64.04 | 351.46 | 415.50 | OK | |
r-release-windows-ix86+x86_64 | 0.3.3.4.0 | 152.00 | 704.00 | 856.00 | NOTE | |
r-release-osx-x86_64 | 0.3.3.4.0 | NOTE | ||||
r-oldrel-windows-ix86+x86_64 | 0.3.3.4.0 | 113.00 | 691.00 | 804.00 | NOTE | |
r-oldrel-osx-x86_64 | 0.3.3.4.0 | NOTE |
Version: 0.3.3.4.0
Check: installed package size
Result: NOTE
installed size is 32.1Mb
sub-directories of 1Mb or more:
include 7.9Mb
libs 23.5Mb
Flavors: r-devel-linux-x86_64-fedora-clang, r-devel-linux-x86_64-fedora-gcc, r-devel-windows-ix86+x86_64, r-patched-solaris-x86, r-release-windows-ix86+x86_64, r-release-osx-x86_64, r-oldrel-windows-ix86+x86_64, r-oldrel-osx-x86_64