CRAN Package Check Results for Package RepeatABEL

Last updated on 2018-04-29 01:47:18 CEST.

Flavor Version Tinstall Tcheck Ttotal Status Flags
r-devel-linux-x86_64-debian-clang 1.1 4.91 88.62 93.53 WARN
r-devel-linux-x86_64-debian-gcc 1.1 5.17 78.24 83.41 WARN
r-devel-linux-x86_64-fedora-clang 1.1 113.26 WARN
r-devel-linux-x86_64-fedora-gcc 1.1 110.81 WARN
r-devel-windows-ix86+x86_64 1.1 14.00 133.00 147.00 WARN
r-patched-linux-x86_64 1.1 4.65 87.29 91.94 WARN
r-patched-solaris-x86 1.1 163.90 WARN
r-release-linux-x86_64 1.1 5.64 87.36 93.00 WARN
r-release-windows-ix86+x86_64 1.1 14.00 133.00 147.00 WARN
r-release-osx-x86_64 1.1 WARN
r-oldrel-windows-ix86+x86_64 1.1 8.00 134.00 142.00 WARN
r-oldrel-osx-x86_64 1.1 NOTE

Check Details

Version: 1.1
Check: examples
Result: WARN
    Found the following significant warnings:
    
     Warning: 'cBind' is deprecated.
     Warning: 'rBind' is deprecated.
    Deprecated functions may be defunct as soon as of the next release of
    R.
    See ?Deprecated.
    Examples with CPU or elapsed time > 5s
     user system elapsed
    simulate_PhenData 4.346 0.029 5.021
    rGLS 4.117 0.069 5.028
Flavor: r-devel-linux-x86_64-debian-clang

Version: 1.1
Check: examples
Result: WARN
    Found the following significant warnings:
    
     Warning: 'cBind' is deprecated.
     Warning: 'rBind' is deprecated.
    Deprecated functions may be defunct as soon as of the next release of
    R.
    See ?Deprecated.
Flavors: r-devel-linux-x86_64-debian-gcc, r-devel-linux-x86_64-fedora-clang, r-devel-linux-x86_64-fedora-gcc, r-devel-windows-ix86+x86_64, r-patched-solaris-x86, r-release-windows-ix86+x86_64, r-release-osx-x86_64, r-oldrel-windows-ix86+x86_64

Version: 1.1
Check: examples
Result: WARN
    Found the following significant warnings:
    
     Warning: 'cBind' is deprecated.
     Warning: 'rBind' is deprecated.
    Deprecated functions may be defunct as soon as of the next release of
    R.
    See ?Deprecated.
    Examples with CPU or elapsed time > 5s
     user system elapsed
    simulate_PhenData 4.329 0.023 5.114
Flavor: r-patched-linux-x86_64

Version: 1.1
Check: examples
Result: WARN
    Found the following significant warnings:
    
     Warning: 'cBind' is deprecated.
     Warning: 'rBind' is deprecated.
    Deprecated functions may be defunct as soon as of the next release of
    R.
    See ?Deprecated.
    Examples with CPU or elapsed time > 5s
     user system elapsed
    simulate_PhenData 4.515 0.027 5.367
Flavor: r-release-linux-x86_64

Version: 1.1
Check: re-building of vignette outputs
Result: NOTE
    Error in re-building vignettes:
     ...
     Hat-values numerically 1 are replaced by 1 - 1e-8
    Warning in hglm.default(y = Y, X = X, Z = Z, RandC = RandC, maxit = 200, :
     Residuals numerically 0 are replaced by 1e-8
    Warning in hglm.default(y = Y, X = X, Z = Z, RandC = RandC, maxit = 200, :
     Hat-values numerically 1 are replaced by 1 - 1e-8
    Warning in hglm.default(y = Y, X = X, Z = Z, RandC = RandC, maxit = 200, :
     Residuals numerically 0 are replaced by 1e-8
    Warning in hglm.default(y = Y, X = X, Z = Z, RandC = RandC, maxit = 200, :
     Hat-values numerically 1 are replaced by 1 - 1e-8
    Error in texi2dvi(file = file, pdf = TRUE, clean = clean, quiet = quiet, :
     Running 'texi2dvi' on 'RepeatABEL_vignette.tex' failed.
    LaTeX errors:
    ! LaTeX Error: File `framed.sty' not found.
    
    Type X to quit or <RETURN> to proceed,
    or enter new name. (Default extension: sty)
    
    ! Emergency stop.
    <read *>
    
    l.12 \usepackage
     {marginnote}^^M
    ! ==> Fatal error occurred, no output PDF file produced!
    Calls: buildVignettes -> texi2pdf -> texi2dvi
    Execution halted
Flavor: r-oldrel-osx-x86_64