Last updated on 2018-04-29 01:47:19 CEST.
Flavor | Version | Tinstall | Tcheck | Ttotal | Status | Flags |
---|---|---|---|---|---|---|
r-devel-linux-x86_64-debian-clang | 1.0 | 0.79 | 28.29 | 29.08 | NOTE | |
r-devel-linux-x86_64-debian-gcc | 1.0 | 0.83 | 23.05 | 23.88 | NOTE | |
r-devel-linux-x86_64-fedora-clang | 1.0 | 35.57 | NOTE | |||
r-devel-linux-x86_64-fedora-gcc | 1.0 | 35.67 | NOTE | |||
r-devel-windows-ix86+x86_64 | 1.0 | 4.00 | 37.00 | 41.00 | NOTE | |
r-patched-linux-x86_64 | 1.0 | 1.18 | 28.76 | 29.94 | NOTE | |
r-patched-solaris-x86 | 1.0 | 56.40 | NOTE | |||
r-release-linux-x86_64 | 1.0 | 0.84 | 28.67 | 29.51 | NOTE | |
r-release-windows-ix86+x86_64 | 1.0 | 4.00 | 37.00 | 41.00 | NOTE | |
r-release-osx-x86_64 | 1.0 | NOTE | ||||
r-oldrel-windows-ix86+x86_64 | 1.0 | 2.00 | 37.00 | 39.00 | NOTE | |
r-oldrel-osx-x86_64 | 1.0 | NOTE |
Version: 1.0
Check: R code for possible problems
Result: NOTE
RobRSVD: no visible global function definition for ‘median’
Undefined global functions or variables:
median
Consider adding
importFrom("stats", "median")
to your NAMESPACE file.
Flavors: r-devel-linux-x86_64-debian-clang, r-devel-linux-x86_64-debian-gcc, r-devel-linux-x86_64-fedora-clang, r-devel-linux-x86_64-fedora-gcc, r-devel-windows-ix86+x86_64, r-patched-linux-x86_64, r-patched-solaris-x86, r-release-linux-x86_64, r-release-windows-ix86+x86_64, r-release-osx-x86_64, r-oldrel-windows-ix86+x86_64, r-oldrel-osx-x86_64