Last updated on 2018-04-29 01:47:27 CEST.
Flavor | Version | Tinstall | Tcheck | Ttotal | Status | Flags |
---|---|---|---|---|---|---|
r-devel-linux-x86_64-debian-clang | 0.2.0 | 7.00 | 62.19 | 69.19 | NOTE | |
r-devel-linux-x86_64-debian-gcc | 0.2.0 | 6.10 | 56.62 | 62.72 | NOTE | |
r-devel-linux-x86_64-fedora-clang | 0.2.0 | 86.73 | NOTE | |||
r-devel-linux-x86_64-fedora-gcc | 0.2.0 | 83.11 | NOTE | |||
r-devel-windows-ix86+x86_64 | 0.2.0 | 18.00 | 110.00 | 128.00 | OK | |
r-patched-linux-x86_64 | 0.2.0 | 6.51 | 61.86 | 68.37 | NOTE | |
r-patched-solaris-x86 | 0.2.0 | 109.00 | NOTE | --no-vignettes | ||
r-release-linux-x86_64 | 0.2.0 | 6.30 | 61.78 | 68.08 | NOTE | |
r-release-windows-ix86+x86_64 | 0.2.0 | 18.00 | 110.00 | 128.00 | OK | |
r-release-osx-x86_64 | 0.2.0 | NOTE | ||||
r-oldrel-windows-ix86+x86_64 | 0.2.0 | 9.00 | 74.00 | 83.00 | OK | |
r-oldrel-osx-x86_64 | 0.2.0 | NOTE |
Version: 0.2.0
Check: package dependencies
Result: NOTE
Package suggested but not available for checking: ‘INLA’
Flavors: r-devel-linux-x86_64-debian-clang, r-devel-linux-x86_64-debian-gcc, r-patched-linux-x86_64, r-release-linux-x86_64, r-release-osx-x86_64, r-oldrel-osx-x86_64
Version: 0.2.0
Check: dependencies in R code
Result: NOTE
Namespaces in Imports field not imported from:
‘RColorBrewer’ ‘classInt’ ‘grDevices’ ‘graphics’ ‘pixmap’ ‘rgeos’
‘sp’
All declared Imports should be used.
Flavors: r-devel-linux-x86_64-fedora-clang, r-devel-linux-x86_64-fedora-gcc, r-release-osx-x86_64, r-oldrel-osx-x86_64
Version: 0.2.0
Flags: --no-vignettes
Check: package dependencies
Result: NOTE
Package suggested but not available for checking: ‘INLA’
Flavor: r-patched-solaris-x86
Version: 0.2.0
Flags: --no-vignettes
Check: dependencies in R code
Result: NOTE
Namespaces in Imports field not imported from:
‘RColorBrewer’ ‘classInt’ ‘grDevices’ ‘graphics’ ‘pixmap’ ‘rgeos’
‘sp’
All declared Imports should be used.
Flavor: r-patched-solaris-x86