Last updated on 2018-04-29 01:47:23 CEST.
Flavor | Version | Tinstall | Tcheck | Ttotal | Status | Flags |
---|---|---|---|---|---|---|
r-devel-linux-x86_64-debian-clang | 1.3-2 | 2.91 | 82.35 | 85.26 | OK | |
r-devel-linux-x86_64-debian-gcc | 1.3-2 | 2.33 | 63.14 | 65.47 | OK | |
r-devel-linux-x86_64-fedora-clang | 1.3-2 | 100.44 | NOTE | |||
r-devel-linux-x86_64-fedora-gcc | 1.3-2 | 98.76 | NOTE | |||
r-devel-windows-ix86+x86_64 | 1.3-2 | 6.00 | 129.00 | 135.00 | OK | |
r-patched-linux-x86_64 | 1.3-2 | 2.75 | 80.74 | 83.49 | OK | |
r-patched-solaris-x86 | 1.3-2 | 125.00 | NOTE | |||
r-release-linux-x86_64 | 1.3-2 | 2.37 | 80.52 | 82.89 | OK | |
r-release-windows-ix86+x86_64 | 1.3-2 | 6.00 | 129.00 | 135.00 | OK | |
r-release-osx-x86_64 | 1.3-2 | NOTE | ||||
r-oldrel-windows-ix86+x86_64 | 1.3-2 | 4.00 | 107.00 | 111.00 | OK | |
r-oldrel-osx-x86_64 | 1.3-2 | NOTE |
Version: 1.3-2
Check: dependencies in R code
Result: NOTE
Namespaces in Imports field not imported from:
‘SnowballC’ ‘XML’ ‘mgcv’
All declared Imports should be used.
Flavors: r-devel-linux-x86_64-fedora-clang, r-devel-linux-x86_64-fedora-gcc, r-patched-solaris-x86, r-release-osx-x86_64, r-oldrel-osx-x86_64