CRAN Package Check Results for Package SmartEDA

Last updated on 2018-04-29 01:47:24 CEST.

Flavor Version Tinstall Tcheck Ttotal Status Flags
r-devel-linux-x86_64-debian-clang 0.1.0 3.31 61.94 65.25 OK
r-devel-linux-x86_64-debian-gcc 0.1.0 2.43 49.85 52.28 OK
r-devel-linux-x86_64-fedora-clang 0.1.0 78.62 NOTE
r-devel-linux-x86_64-fedora-gcc 0.1.0 75.75 NOTE
r-devel-windows-ix86+x86_64 0.1.0 10.00 112.00 122.00 OK
r-patched-linux-x86_64 0.1.0 2.44 61.16 63.60 OK
r-patched-solaris-x86 0.1.0 95.40 WARN
r-release-linux-x86_64 0.1.0 3.52 61.25 64.77 OK
r-release-windows-ix86+x86_64 0.1.0 10.00 112.00 122.00 OK
r-release-osx-x86_64 0.1.0 WARN
r-oldrel-windows-ix86+x86_64 0.1.0 5.00 91.00 96.00 OK
r-oldrel-osx-x86_64 0.1.0 WARN

Check Details

Version: 0.1.0
Check: dependencies in R code
Result: NOTE
    Namespace in Imports field not imported from: ‘ISLR’
     All declared Imports should be used.
Flavors: r-devel-linux-x86_64-fedora-clang, r-devel-linux-x86_64-fedora-gcc, r-patched-solaris-x86, r-release-osx-x86_64, r-oldrel-osx-x86_64

Version: 0.1.0
Check: re-building of vignette outputs
Result: WARN
    Error in re-building vignettes:
     ...
    Warning in engine$weave(file, quiet = quiet, encoding = enc) :
     Pandoc (>= 1.12.3) and/or pandoc-citeproc not available. Falling back to R Markdown v1.
    Quitting from lines 123-124 (Report_r1.Rmd)
    Error: processing vignette 'Report_r1.Rmd' failed with diagnostics:
    unused argument (options = options)
    Execution halted
Flavors: r-patched-solaris-x86, r-release-osx-x86_64

Version: 0.1.0
Check: re-building of vignette outputs
Result: WARN
    Error in re-building vignettes:
     ...
    Warning in engine$weave(file, quiet = quiet, encoding = enc) :
     Pandoc (>= 1.12.3) and/or pandoc-citeproc not available. Falling back to R Markdown v1.
    Quitting from lines 123-124 (Report_r1.Rmd)
    Error: processing vignette 'Report_r1.Rmd' failed with diagnostics:
    unused argument (options = list(eval = TRUE, echo = FALSE, results = "markup", tidy = FALSE, tidy.opts = NULL, collapse = FALSE, prompt = FALSE, comment = "##", highlight = TRUE, strip.white = TRUE, size = "normalsize", background = "#F7F7F7", cache = 0, cache.path = "cache/", cache.vars = NULL, cache.lazy = TRUE, dependson = NULL, autodep = FALSE, cache.rebuild = FALSE, fig.keep = "high", fig.show = "asis", fig.align = "default", fig.path = "figure/", dev = "png", dev.args = NULL, dpi = 72, fig.ext = "png",
     fig.width = 7, fig.height = 7, fig.env = "figure", fig.cap = NULL, fig.scap = NULL, fig.lp = "fig:", fig.subcap = NULL, fig.pos = "", out.width = NULL, out.height = NULL, out.extra = NULL, fig.retina = 1, external = TRUE, sanitize = FALSE, interval = 1, aniopts = "controls,loop", warning = FALSE, error = FALSE, message = TRUE, render = list(Vname = 1:8, Group = c(1, 1, 1, 1, 1, 1, 1, 1), TN = c(400, 400, 400,
    Execution halted
Flavor: r-oldrel-osx-x86_64