Last updated on 2018-04-29 01:47:25 CEST.
Flavor | Version | Tinstall | Tcheck | Ttotal | Status | Flags |
---|---|---|---|---|---|---|
r-devel-linux-x86_64-debian-clang | 1.0.7 | 14.25 | 24.50 | 38.75 | WARN | |
r-devel-linux-x86_64-debian-gcc | 1.0.7 | 10.94 | 21.06 | 32.00 | OK | |
r-devel-linux-x86_64-fedora-clang | 1.0.7 | 51.38 | WARN | |||
r-devel-linux-x86_64-fedora-gcc | 1.0.7 | 46.78 | OK | |||
r-patched-linux-x86_64 | 1.0.7 | 16.48 | 24.00 | 40.48 | OK | |
r-patched-solaris-x86 | 1.0.7 | 67.40 | OK | |||
r-release-linux-x86_64 | 1.0.7 | 14.90 | 24.36 | 39.26 | OK | |
r-release-osx-x86_64 | 1.0.7 | WARN | ||||
r-oldrel-osx-x86_64 | 1.0.7 | OK |
Version: 1.0.7
Check: whether package can be installed
Result: WARN
Found the following significant warnings:
/usr/include/python2.7/unicodeobject.h:534:5: warning: 'register' storage class specifier is deprecated and incompatible with C++17 [-Wdeprecated-register]
/usr/include/python2.7/unicodeobject.h:553:5: warning: 'register' storage class specifier is deprecated and incompatible with C++17 [-Wdeprecated-register]
/usr/include/python2.7/unicodeobject.h:575:5: warning: 'register' storage class specifier is deprecated and incompatible with C++17 [-Wdeprecated-register]
/usr/include/python2.7/unicodeobject.h:593:5: warning: 'register' storage class specifier is deprecated and incompatible with C++17 [-Wdeprecated-register]
/usr/include/python2.7/stringobject.h:173:5: warning: 'register' storage class specifier is deprecated and incompatible with C++17 [-Wdeprecated-register]
/usr/include/python2.7/stringobject.h:174:5: warning: 'register' storage class specifier is deprecated and incompatible with C++17 [-Wdeprecated-register]
/usr/include/python2.7/stringobject.h:175:5: warning: 'register' storage class specifier is deprecated and incompatible with C++17 [-Wdeprecated-register]
Flavors: r-devel-linux-x86_64-debian-clang, r-devel-linux-x86_64-fedora-clang
Version: 1.0.7
Check: whether package can be installed
Result: WARN
Found the following significant warnings:
/System/Library/Frameworks/Python.framework/Versions/2.7/include/python2.7/unicodeobject.h:534:5: warning: 'register' storage class specifier is deprecated and incompatible with C++17 [-Wdeprecated-register]
/System/Library/Frameworks/Python.framework/Versions/2.7/include/python2.7/unicodeobject.h:553:5: warning: 'register' storage class specifier is deprecated and incompatible with C++17 [-Wdeprecated-register]
/System/Library/Frameworks/Python.framework/Versions/2.7/include/python2.7/unicodeobject.h:575:5: warning: 'register' storage class specifier is deprecated and incompatible with C++17 [-Wdeprecated-register]
/System/Library/Frameworks/Python.framework/Versions/2.7/include/python2.7/unicodeobject.h:593:5: warning: 'register' storage class specifier is deprecated and incompatible with C++17 [-Wdeprecated-register]
/System/Library/Frameworks/Python.framework/Versions/2.7/include/python2.7/stringobject.h:173:5: warning: 'register' storage class specifier is deprecated and incompatible with C++17 [-Wdeprecated-register]
/System/Library/Frameworks/Python.framework/Versions/2.7/include/python2.7/stringobject.h:174:5: warning: 'register' storage class specifier is deprecated and incompatible with C++17 [-Wdeprecated-register]
/System/Library/Frameworks/Python.framework/Versions/2.7/include/python2.7/stringobject.h:175:5: warning: 'register' storage class specifier is deprecated and incompatible with C++17 [-Wdeprecated-register]
Flavor: r-release-osx-x86_64