CRAN Package Check Results for Package TELP

Last updated on 2018-04-29 01:47:28 CEST.

Flavor Version Tinstall Tcheck Ttotal Status Flags
r-devel-linux-x86_64-debian-clang 1.0 11.80 118.23 130.03 OK
r-devel-linux-x86_64-debian-gcc 1.0 12.83 118.43 131.26 OK
r-devel-linux-x86_64-fedora-clang 1.0 159.54 OK
r-devel-linux-x86_64-fedora-gcc 1.0 153.46 OK
r-devel-windows-ix86+x86_64 1.0 42.00 189.00 231.00 OK
r-patched-linux-x86_64 1.0 11.28 116.45 127.73 OK
r-patched-solaris-x86 1.0 255.90 OK
r-release-linux-x86_64 1.0 11.24 116.83 128.07 OK
r-release-windows-ix86+x86_64 1.0 42.00 189.00 231.00 OK
r-release-osx-x86_64 1.0 OK
r-oldrel-windows-ix86+x86_64 1.0 25.00 185.00 210.00 ERROR
r-oldrel-osx-x86_64 1.0 OK

Check Details

Version: 1.0
Check: whether package can be installed
Result: ERROR
    Installation failed.
Flavor: r-oldrel-windows-ix86+x86_64