Last updated on 2018-04-29 01:47:29 CEST.
Flavor | Version | Tinstall | Tcheck | Ttotal | Status | Flags |
---|---|---|---|---|---|---|
r-devel-linux-x86_64-debian-clang | 0.2.0 | 1.61 | 30.52 | 32.13 | OK | |
r-devel-linux-x86_64-debian-gcc | 0.2.0 | 1.76 | 28.16 | 29.92 | OK | |
r-devel-linux-x86_64-fedora-clang | 0.2.0 | 39.40 | OK | |||
r-devel-linux-x86_64-fedora-gcc | 0.2.0 | 37.61 | OK | |||
r-devel-windows-ix86+x86_64 | 0.2.0 | 4.00 | 55.00 | 59.00 | OK | |
r-patched-linux-x86_64 | 0.2.0 | 2.42 | 30.28 | 32.70 | NOTE | |
r-patched-solaris-x86 | 0.2.0 | 58.00 | OK | |||
r-release-linux-x86_64 | 0.2.0 | 2.26 | 29.82 | 32.08 | NOTE | |
r-release-windows-ix86+x86_64 | 0.2.0 | 4.00 | 55.00 | 59.00 | OK | |
r-release-osx-x86_64 | 0.2.0 | OK | ||||
r-oldrel-windows-ix86+x86_64 | 0.2.0 | 3.00 | 41.00 | 44.00 | OK | |
r-oldrel-osx-x86_64 | 0.2.0 | OK |
Version: 0.2.0
Check: DESCRIPTION meta-information
Result: NOTE
Dependence on R version ‘3.3.2’ not with patchlevel 0
Flavors: r-patched-linux-x86_64, r-release-linux-x86_64