Last updated on 2018-04-29 01:47:31 CEST.
Flavor | Version | Tinstall | Tcheck | Ttotal | Status | Flags |
---|---|---|---|---|---|---|
r-devel-linux-x86_64-debian-clang | 1.21 | 11.63 | 149.15 | 160.78 | OK | |
r-devel-linux-x86_64-debian-gcc | 1.21 | 15.63 | 149.55 | 165.18 | OK | |
r-devel-linux-x86_64-fedora-clang | 1.21 | 202.82 | NOTE | |||
r-devel-linux-x86_64-fedora-gcc | 1.21 | 200.00 | NOTE | |||
r-devel-windows-ix86+x86_64 | 1.21 | 34.00 | 218.00 | 252.00 | OK | |
r-patched-linux-x86_64 | 1.21 | 13.87 | 152.64 | 166.51 | OK | |
r-patched-solaris-x86 | 1.21 | 321.70 | NOTE | |||
r-release-linux-x86_64 | 1.21 | 11.19 | 147.23 | 158.42 | OK | |
r-release-windows-ix86+x86_64 | 1.21 | 34.00 | 218.00 | 252.00 | OK | |
r-release-osx-x86_64 | 1.21 | NOTE | ||||
r-oldrel-windows-ix86+x86_64 | 1.21 | 25.00 | 143.00 | 168.00 | OK | |
r-oldrel-osx-x86_64 | 1.21 | NOTE |
Version: 1.21
Check: dependencies in R code
Result: NOTE
Namespaces in Imports field not imported from:
‘Hmisc’ ‘XML’ ‘checkmate’ ‘gstat’ ‘intervals’
All declared Imports should be used.
Flavors: r-devel-linux-x86_64-fedora-clang, r-devel-linux-x86_64-fedora-gcc, r-patched-solaris-x86, r-release-osx-x86_64, r-oldrel-osx-x86_64