CRAN Package Check Results for Package Watersheds

Last updated on 2018-04-29 01:47:31 CEST.

Flavor Version Tinstall Tcheck Ttotal Status Flags
r-devel-linux-x86_64-debian-clang 1.1 3.25 60.21 63.46 OK
r-devel-linux-x86_64-debian-gcc 1.1 2.60 51.35 53.95 OK
r-devel-linux-x86_64-fedora-clang 1.1 79.22 OK
r-devel-linux-x86_64-fedora-gcc 1.1 75.85 OK
r-devel-windows-ix86+x86_64 1.1 11.00 128.00 139.00 OK
r-patched-linux-x86_64 1.1 3.36 59.58 62.94 OK
r-patched-solaris-x86 1.1 120.00 OK
r-release-linux-x86_64 1.1 2.29 59.98 62.27 OK
r-release-windows-ix86+x86_64 1.1 11.00 128.00 139.00 OK
r-release-osx-x86_64 1.1 OK
r-oldrel-windows-ix86+x86_64 1.1 9.00 122.00 131.00 OK
r-oldrel-osx-x86_64 1.1 NOTE

Check Details

Version: 1.1
Check: re-building of vignette outputs
Result: NOTE
    Error in re-building vignettes:
     ...
     number of columns of result is not a multiple of vector length (arg 2)
    Warning in rbind(riverTouch, slot(river, "data")["OBJECTID"][[1]]) :
     number of columns of result is not a multiple of vector length (arg 2)
    Warning in rbind(riverTouch, slot(river, "data")["OBJECTID"][[1]]) :
     number of columns of result is not a multiple of vector length (arg 2)
    Warning in rbind(riverTouch, slot(river, "data")["OBJECTID"][[1]]) :
     number of columns of result is not a multiple of vector length (arg 2)
    Warning in rbind(riverTouch, slot(river, "data")["OBJECTID"][[1]]) :
     number of columns of result is not a multiple of vector length (arg 2)
    Error in texi2dvi(file = file, pdf = TRUE, clean = clean, quiet = quiet, :
     Running 'texi2dvi' on 'Watersheds.tex' failed.
    LaTeX errors:
    ! LaTeX Error: File `apacite.sty' not found.
    
    Type X to quit or <RETURN> to proceed,
    or enter new name. (Default extension: sty)
    
    ! Emergency stop.
    <read *>
    
    l.14 \bibliographystyle
     {apacite}^^M
    ! ==> Fatal error occurred, no output PDF file produced!
    Calls: buildVignettes -> texi2pdf -> texi2dvi
    Execution halted
Flavor: r-oldrel-osx-x86_64