CRAN Package Check Results for Package WeibullR

Last updated on 2018-04-29 01:47:31 CEST.

Flavor Version Tinstall Tcheck Ttotal Status Flags
r-devel-linux-x86_64-debian-clang 1.0.9 97.99 40.10 138.09 OK
r-devel-linux-x86_64-debian-gcc 1.0.9 86.43 33.03 119.46 OK
r-devel-linux-x86_64-fedora-clang 1.0.9 198.48 OK
r-devel-linux-x86_64-fedora-gcc 1.0.9 193.76 NOTE
r-devel-windows-ix86+x86_64 1.0.9 225.00 92.00 317.00 OK
r-patched-linux-x86_64 1.0.9 103.05 40.05 143.10 OK
r-patched-solaris-x86 1.0.9 174.70 OK
r-release-linux-x86_64 1.0.9 100.93 40.26 141.19 OK
r-release-windows-ix86+x86_64 1.0.9 225.00 92.00 317.00 OK
r-release-osx-x86_64 1.0.9 OK
r-oldrel-windows-ix86+x86_64 1.0.9 174.00 94.00 268.00 OK
r-oldrel-osx-x86_64 1.0.9 OK

Check Details

Version: 1.0.9
Check: installed package size
Result: NOTE
     installed size is 6.5Mb
     sub-directories of 1Mb or more:
     libs 6.1Mb
Flavor: r-devel-linux-x86_64-fedora-gcc