CRAN Package Check Results for Package WindCurves

Last updated on 2018-04-29 01:47:31 CEST.

Flavor Version Tinstall Tcheck Ttotal Status Flags
r-devel-linux-x86_64-debian-clang 0.1.3 0.98 23.79 24.77 OK
r-devel-linux-x86_64-debian-gcc 0.1.3 1.28 20.03 21.31 OK
r-devel-linux-x86_64-fedora-clang 0.1.3 30.81 NOTE
r-devel-linux-x86_64-fedora-gcc 0.1.3 29.10 NOTE
r-devel-windows-ix86+x86_64 0.1.3 5.00 58.00 63.00 OK
r-patched-linux-x86_64 0.1.3 1.20 23.60 24.80 OK
r-patched-solaris-x86 0.1.3 47.60 NOTE
r-release-linux-x86_64 0.1.3 1.50 23.74 25.24 OK
r-release-windows-ix86+x86_64 0.1.3 5.00 58.00 63.00 OK
r-release-osx-x86_64 0.1.3 NOTE
r-oldrel-windows-ix86+x86_64 0.1.3 3.00 53.00 56.00 OK
r-oldrel-osx-x86_64 0.1.3 NOTE

Check Details

Version: 0.1.3
Check: dependencies in R code
Result: NOTE
    Namespaces in Imports field not imported from:
     ‘drc’ ‘imputeTestbench’
     All declared Imports should be used.
Flavors: r-devel-linux-x86_64-fedora-clang, r-devel-linux-x86_64-fedora-gcc, r-patched-solaris-x86, r-release-osx-x86_64, r-oldrel-osx-x86_64