CRAN Package Check Results for Package XBRL

Last updated on 2018-04-29 01:47:31 CEST.

Flavor Version Tinstall Tcheck Ttotal Status Flags
r-devel-linux-x86_64-debian-clang 0.99.18 79.85 22.50 102.35 OK
r-devel-linux-x86_64-debian-gcc 0.99.18 68.33 19.57 87.90 OK
r-devel-linux-x86_64-fedora-clang 0.99.18 149.24 OK
r-devel-linux-x86_64-fedora-gcc 0.99.18 133.15 OK
r-devel-windows-ix86+x86_64 0.99.18 227.00 80.00 307.00 NOTE
r-patched-linux-x86_64 0.99.18 87.21 22.25 109.46 OK
r-patched-solaris-x86 0.99.18 141.20 OK
r-release-linux-x86_64 0.99.18 84.93 22.36 107.29 OK
r-release-windows-ix86+x86_64 0.99.18 227.00 80.00 307.00 NOTE
r-release-osx-x86_64 0.99.18 OK
r-oldrel-windows-ix86+x86_64 0.99.18 157.00 81.00 238.00 NOTE
r-oldrel-osx-x86_64 0.99.18 OK

Check Details

Version: 0.99.18
Check: installed package size
Result: NOTE
     installed size is 5.7Mb
     sub-directories of 1Mb or more:
     libs 5.6Mb
Flavors: r-devel-windows-ix86+x86_64, r-release-windows-ix86+x86_64, r-oldrel-windows-ix86+x86_64