Last updated on 2018-04-29 01:47:31 CEST.
Flavor | Version | Tinstall | Tcheck | Ttotal | Status | Flags |
---|---|---|---|---|---|---|
r-devel-linux-x86_64-debian-clang | 1.1.3 | 35.38 | 317.52 | 352.90 | OK | |
r-devel-linux-x86_64-debian-gcc | 1.1.3 | 35.32 | 310.36 | 345.68 | OK | |
r-devel-linux-x86_64-fedora-clang | 1.1.3 | 442.17 | OK | |||
r-devel-linux-x86_64-fedora-gcc | 1.1.3 | 432.39 | OK | |||
r-devel-windows-ix86+x86_64 | 1.1.3 | 80.00 | 404.00 | 484.00 | OK | |
r-patched-linux-x86_64 | 1.1.3 | 29.65 | 318.05 | 347.70 | OK | |
r-patched-solaris-x86 | 1.1.3 | 614.20 | OK | |||
r-release-linux-x86_64 | 1.1.3 | 36.63 | 320.07 | 356.70 | OK | |
r-release-windows-ix86+x86_64 | 1.1.3 | 80.00 | 404.00 | 484.00 | OK | |
r-release-osx-x86_64 | 1.1.3 | ERROR | ||||
r-oldrel-windows-ix86+x86_64 | 1.1.3 | 38.00 | 398.00 | 436.00 | OK | |
r-oldrel-osx-x86_64 | 1.1.3 | NOTE |
Version: 1.1.3
Check: package dependencies
Result: ERROR
Package required but not available: ‘rtracklayer’
Packages suggested but not available for checking: ‘GenomicScores’ ‘ggbio’
See section ‘The DESCRIPTION file’ in the ‘Writing R Extensions’
manual.
Flavor: r-release-osx-x86_64
Version: 1.1.3
Check: package dependencies
Result: NOTE
Packages suggested but not available for checking: ‘GenomicScores’ ‘ggbio’
Flavor: r-oldrel-osx-x86_64